Last updated on 2025-11-11 15:50:51 CET.
| Flavor | Version | Tinstall | Tcheck | Ttotal | Status | Flags |
|---|---|---|---|---|---|---|
| r-devel-linux-x86_64-debian-clang | 2.1.4 | 9.44 | 67.66 | 77.10 | OK | |
| r-devel-linux-x86_64-debian-gcc | 2.1.4 | 6.68 | 47.61 | 54.29 | OK | |
| r-devel-linux-x86_64-fedora-clang | 2.1.4 | 16.00 | 99.65 | 115.65 | OK | |
| r-devel-linux-x86_64-fedora-gcc | 2.1.4 | 18.00 | 106.39 | 124.39 | OK | |
| r-devel-windows-x86_64 | 2.1.4 | 14.00 | 91.00 | 105.00 | OK | |
| r-patched-linux-x86_64 | 2.1.4 | 10.40 | 64.93 | 75.33 | OK | |
| r-release-linux-x86_64 | 2.1.4 | 8.75 | 65.50 | 74.25 | OK | |
| r-release-macos-arm64 | 2.1.4 | 4.00 | 39.00 | 43.00 | OK | |
| r-release-macos-x86_64 | 2.1.4 | 7.00 | 75.00 | 82.00 | OK | |
| r-release-windows-x86_64 | 2.1.4 | 13.00 | 91.00 | 104.00 | OK | |
| r-oldrel-macos-arm64 | 2.1.4 | 4.00 | 45.00 | 49.00 | NOTE | |
| r-oldrel-macos-x86_64 | 2.1.4 | 6.00 | 69.00 | 75.00 | NOTE | |
| r-oldrel-windows-x86_64 | 2.1.4 | 17.00 | 108.00 | 125.00 | NOTE |
Version: 2.1.4
Check: installed package size
Result: NOTE
installed size is 10.8Mb
sub-directories of 1Mb or more:
doc 2.0Mb
htmlwidgets 6.9Mb
Flavors: r-oldrel-macos-arm64, r-oldrel-macos-x86_64, r-oldrel-windows-x86_64
These binaries (installable software) and packages are in development.
They may not be fully stable and should be used with caution. We make no claims about them.