Last updated on 2025-05-01 15:49:48 CEST.
Flavor | Version | Tinstall | Tcheck | Ttotal | Status | Flags |
---|---|---|---|---|---|---|
r-devel-linux-x86_64-debian-clang | 0.8.1 | 7.24 | 78.38 | 85.62 | OK | |
r-devel-linux-x86_64-debian-gcc | 0.8.1 | 4.57 | 59.56 | 64.13 | OK | |
r-devel-linux-x86_64-fedora-clang | 0.8.1 | 130.16 | NOTE | |||
r-devel-linux-x86_64-fedora-gcc | 0.8.1 | 138.99 | NOTE | |||
r-devel-windows-x86_64 | 0.8.1 | 8.00 | 91.00 | 99.00 | OK | |
r-patched-linux-x86_64 | 0.8.1 | 7.03 | 75.68 | 82.71 | OK | |
r-release-linux-x86_64 | OK | |||||
r-release-macos-arm64 | 0.8.1 | 52.00 | OK | |||
r-release-macos-x86_64 | 0.8.1 | 92.00 | OK | |||
r-release-windows-x86_64 | 0.8.1 | 8.00 | 93.00 | 101.00 | OK | |
r-oldrel-macos-arm64 | 0.8.1 | 42.00 | OK | |||
r-oldrel-macos-x86_64 | 0.8.1 | 66.00 | OK | |||
r-oldrel-windows-x86_64 | 0.8.1 | 9.00 | 102.00 | 111.00 | OK |
Version: 0.8.1
Check: dependencies in R code
Result: NOTE
Namespace in Imports field not imported from: ‘rpart’
All declared Imports should be used.
Flavors: r-devel-linux-x86_64-fedora-clang, r-devel-linux-x86_64-fedora-gcc
These binaries (installable software) and packages are in development.
They may not be fully stable and should be used with caution. We make no claims about them.