Last updated on 2025-02-02 14:48:38 CET.
Flavor | Version | Tinstall | Tcheck | Ttotal | Status | Flags |
---|---|---|---|---|---|---|
r-devel-linux-x86_64-debian-clang | 0.1.0 | 11.56 | 102.47 | 114.03 | NOTE | |
r-devel-linux-x86_64-debian-gcc | 0.1.0 | 8.12 | 73.76 | 81.88 | NOTE | |
r-devel-linux-x86_64-fedora-clang | 0.1.0 | 188.89 | NOTE | |||
r-devel-linux-x86_64-fedora-gcc | 0.1.0 | 183.67 | NOTE | |||
r-devel-windows-x86_64 | 0.1.0 | 12.00 | 107.00 | 119.00 | NOTE | |
r-patched-linux-x86_64 | 0.1.0 | 11.99 | 95.05 | 107.04 | NOTE | |
r-release-linux-x86_64 | 0.1.0 | 10.65 | 95.76 | 106.41 | NOTE | |
r-release-macos-arm64 | 0.1.0 | 55.00 | NOTE | |||
r-release-macos-x86_64 | 0.1.0 | 85.00 | NOTE | |||
r-release-windows-x86_64 | 0.1.0 | 12.00 | 107.00 | 119.00 | NOTE | |
r-oldrel-macos-arm64 | 0.1.0 | 55.00 | OK | |||
r-oldrel-macos-x86_64 | 0.1.0 | 95.00 | OK | |||
r-oldrel-windows-x86_64 | 0.1.0 | 15.00 | 135.00 | 150.00 | OK |
Version: 0.1.0
Check: Rd files
Result: NOTE
checkRd: (-1) NSpec.DB.Rd:16: Lost braces; missing escapes or markup?
16 | ...{currently not used}
| ^
checkRd: (-1) wavelength-methods.Rd:32: Lost braces; missing escapes or markup?
32 | A call to {new} returns a newly allocated object from the class identified by the first argument.
| ^
Flavors: r-devel-linux-x86_64-debian-clang, r-devel-linux-x86_64-debian-gcc, r-devel-linux-x86_64-fedora-clang, r-devel-linux-x86_64-fedora-gcc, r-devel-windows-x86_64, r-patched-linux-x86_64, r-release-linux-x86_64, r-release-macos-arm64, r-release-macos-x86_64, r-release-windows-x86_64
These binaries (installable software) and packages are in development.
They may not be fully stable and should be used with caution. We make no claims about them.