Last updated on 2025-05-02 13:51:02 CEST.
Flavor | Version | Tinstall | Tcheck | Ttotal | Status | Flags |
---|---|---|---|---|---|---|
r-devel-linux-x86_64-debian-clang | 4.0.1 | 3.14 | 27.97 | 31.11 | OK | |
r-devel-linux-x86_64-debian-gcc | 4.0.1 | 2.24 | 21.94 | 24.18 | OK | |
r-devel-linux-x86_64-fedora-clang | 4.0.1 | 46.41 | OK | |||
r-devel-linux-x86_64-fedora-gcc | 4.0.1 | 43.90 | OK | |||
r-devel-windows-x86_64 | 4.0.1 | 6.00 | 51.00 | 57.00 | OK | |
r-patched-linux-x86_64 | 4.0.1 | 3.60 | 25.85 | 29.45 | OK | |
r-release-linux-x86_64 | OK | |||||
r-release-macos-arm64 | 4.0.1 | 24.00 | OK | |||
r-release-macos-x86_64 | 4.0.1 | 38.00 | OK | |||
r-release-windows-x86_64 | 4.0.1 | 6.00 | 57.00 | 63.00 | OK | |
r-oldrel-macos-arm64 | 4.0.1 | 190.00 | NOTE | |||
r-oldrel-macos-x86_64 | 4.0.1 | 199.00 | NOTE | |||
r-oldrel-windows-x86_64 | 4.0.1 | 7.00 | 56.00 | 63.00 | NOTE |
Version: 4.0.1
Check: installed package size
Result: NOTE
installed size is 6.6Mb
sub-directories of 1Mb or more:
help 1.3Mb
htmlwidgets 5.3Mb
Flavors: r-oldrel-macos-arm64, r-oldrel-macos-x86_64, r-oldrel-windows-x86_64
These binaries (installable software) and packages are in development.
They may not be fully stable and should be used with caution. We make no claims about them.