Last updated on 2025-11-12 12:53:26 CET.
| Flavor | Version | Tinstall | Tcheck | Ttotal | Status | Flags |
|---|---|---|---|---|---|---|
| r-devel-linux-x86_64-debian-clang | 1.0.0 | 20.19 | 203.52 | 223.71 | NOTE | |
| r-devel-linux-x86_64-debian-gcc | 1.0.0 | 13.45 | 138.45 | 151.90 | NOTE | |
| r-devel-linux-x86_64-fedora-clang | 1.0.0 | 40.00 | 301.54 | 341.54 | NOTE | |
| r-devel-linux-x86_64-fedora-gcc | 1.0.0 | 36.00 | 298.09 | 334.09 | NOTE | |
| r-devel-windows-x86_64 | 1.0.0 | 22.00 | 192.00 | 214.00 | NOTE | |
| r-patched-linux-x86_64 | 1.0.0 | 18.11 | 188.84 | 206.95 | NOTE | |
| r-release-linux-x86_64 | 1.0.0 | 17.78 | 190.41 | 208.19 | NOTE | |
| r-release-macos-arm64 | 1.0.0 | 7.00 | 83.00 | 90.00 | NOTE | |
| r-release-macos-x86_64 | 1.0.0 | 14.00 | 173.00 | 187.00 | NOTE | |
| r-release-windows-x86_64 | 1.0.0 | 20.00 | 193.00 | 213.00 | NOTE | |
| r-oldrel-macos-arm64 | 1.0.0 | 8.00 | 77.00 | 85.00 | NOTE | |
| r-oldrel-macos-x86_64 | 1.0.0 | 15.00 | 133.00 | 148.00 | NOTE | |
| r-oldrel-windows-x86_64 | 1.0.0 | 27.00 | 255.00 | 282.00 | NOTE |
Version: 1.0.0
Check: Rd files
Result: NOTE
checkRd: (-1) compdesc.Rd:24: Lost braces in \itemize; \value handles \item{}{} directly
checkRd: (-1) compdesc.Rd:25: Lost braces in \itemize; \value handles \item{}{} directly
checkRd: (-1) compdesc.Rd:26: Lost braces in \itemize; \value handles \item{}{} directly
checkRd: (-1) compdesc.Rd:27: Lost braces in \itemize; \value handles \item{}{} directly
checkRd: (-1) compdesc.Rd:28: Lost braces in \itemize; \value handles \item{}{} directly
checkRd: (-1) compdesc.Rd:29: Lost braces in \itemize; \value handles \item{}{} directly
checkRd: (-1) compdesc.Rd:30: Lost braces in \itemize; \value handles \item{}{} directly
checkRd: (-1) compdesc.Rd:31: Lost braces in \itemize; \value handles \item{}{} directly
checkRd: (-1) compdesc.Rd:32: Lost braces in \itemize; \value handles \item{}{} directly
Flavors: r-devel-linux-x86_64-debian-clang, r-devel-linux-x86_64-debian-gcc, r-devel-linux-x86_64-fedora-clang, r-devel-linux-x86_64-fedora-gcc, r-devel-windows-x86_64, r-patched-linux-x86_64, r-release-linux-x86_64, r-release-macos-arm64, r-release-macos-x86_64, r-release-windows-x86_64, r-oldrel-macos-arm64, r-oldrel-macos-x86_64, r-oldrel-windows-x86_64
These binaries (installable software) and packages are in development.
They may not be fully stable and should be used with caution. We make no claims about them.