CRAN Package Check Results for Package vistime

Last updated on 2025-07-23 17:51:03 CEST.

Flavor Version Tinstall Tcheck Ttotal Status Flags
r-devel-linux-x86_64-debian-clang 1.2.4 7.65 85.29 92.94 OK
r-devel-linux-x86_64-debian-gcc 1.2.4 5.13 62.13 67.26 OK
r-devel-linux-x86_64-fedora-clang 1.2.4 148.34 OK
r-devel-linux-x86_64-fedora-gcc 1.2.4 151.15 OK
r-devel-windows-x86_64 1.2.4 9.00 92.00 101.00 OK
r-patched-linux-x86_64 1.2.4 6.78 79.30 86.08 OK
r-release-linux-x86_64 1.2.4 7.01 80.04 87.05 OK
r-release-macos-arm64 1.2.4 51.00 OK
r-release-macos-x86_64 1.2.4 105.00 OK
r-release-windows-x86_64 1.2.4 9.00 92.00 101.00 OK
r-oldrel-macos-arm64 1.2.4 52.00 NOTE
r-oldrel-macos-x86_64 1.2.4 74.00 NOTE
r-oldrel-windows-x86_64 1.2.4 12.00 118.00 130.00 NOTE

Check Details

Version: 1.2.4
Check: installed package size
Result: NOTE installed size is 5.9Mb sub-directories of 1Mb or more: doc 5.5Mb Flavors: r-oldrel-macos-arm64, r-oldrel-macos-x86_64, r-oldrel-windows-x86_64

These binaries (installable software) and packages are in development.
They may not be fully stable and should be used with caution. We make no claims about them.