CRAN Package Check Results for Package vistime

Last updated on 2025-05-21 23:49:00 CEST.

Flavor Version Tinstall Tcheck Ttotal Status Flags
r-devel-linux-x86_64-debian-clang 1.2.4 7.70 86.36 94.06 OK
r-devel-linux-x86_64-debian-gcc 1.2.4 5.56 61.18 66.74 OK
r-devel-linux-x86_64-fedora-clang 1.2.4 146.31 OK
r-devel-linux-x86_64-fedora-gcc 1.2.4 162.26 OK
r-devel-windows-x86_64 1.2.4 9.00 103.00 112.00 OK
r-patched-linux-x86_64 1.2.4 6.61 80.10 86.71 OK
r-release-linux-x86_64 1.2.4 6.46 79.06 85.52 OK
r-release-macos-arm64 1.2.4 51.00 OK
r-release-macos-x86_64 1.2.4 105.00 OK
r-release-windows-x86_64 1.2.4 10.00 94.00 104.00 OK
r-oldrel-macos-arm64 1.2.4 52.00 NOTE
r-oldrel-macos-x86_64 1.2.4 74.00 NOTE
r-oldrel-windows-x86_64 1.2.4 12.00 118.00 130.00 NOTE

Check Details

Version: 1.2.4
Check: installed package size
Result: NOTE installed size is 5.9Mb sub-directories of 1Mb or more: doc 5.5Mb Flavors: r-oldrel-macos-arm64, r-oldrel-macos-x86_64, r-oldrel-windows-x86_64

These binaries (installable software) and packages are in development.
They may not be fully stable and should be used with caution. We make no claims about them.