Last updated on 2025-02-16 08:51:05 CET.
Flavor | Version | Tinstall | Tcheck | Ttotal | Status | Flags |
---|---|---|---|---|---|---|
r-devel-linux-x86_64-debian-clang | 1.2.4 | 6.92 | 76.70 | 83.62 | OK | |
r-devel-linux-x86_64-debian-gcc | 1.2.4 | 3.93 | 55.64 | 59.57 | OK | |
r-devel-linux-x86_64-fedora-clang | 1.2.4 | 138.13 | OK | |||
r-devel-linux-x86_64-fedora-gcc | 1.2.4 | 140.19 | OK | |||
r-devel-macos-arm64 | 1.2.4 | 56.00 | OK | |||
r-devel-macos-x86_64 | 1.2.4 | 105.00 | OK | |||
r-devel-windows-x86_64 | 1.2.4 | 9.00 | 88.00 | 97.00 | OK | |
r-patched-linux-x86_64 | 1.2.4 | 6.76 | 73.09 | 79.85 | OK | |
r-release-linux-x86_64 | 1.2.4 | 6.59 | 73.11 | 79.70 | OK | |
r-release-macos-arm64 | 1.2.4 | 52.00 | NOTE | |||
r-release-macos-x86_64 | 1.2.4 | 74.00 | NOTE | |||
r-release-windows-x86_64 | 1.2.4 | 8.00 | 89.00 | 97.00 | NOTE | |
r-oldrel-macos-arm64 | 1.2.4 | 53.00 | NOTE | |||
r-oldrel-macos-x86_64 | 1.2.4 | 86.00 | NOTE | |||
r-oldrel-windows-x86_64 | 1.2.4 | 11.00 | 104.00 | 115.00 | NOTE |
Version: 1.2.4
Check: installed package size
Result: NOTE
installed size is 5.9Mb
sub-directories of 1Mb or more:
doc 5.5Mb
Flavors: r-release-macos-arm64, r-release-macos-x86_64, r-release-windows-x86_64, r-oldrel-macos-arm64, r-oldrel-macos-x86_64, r-oldrel-windows-x86_64
These binaries (installable software) and packages are in development.
They may not be fully stable and should be used with caution. We make no claims about them.