Last updated on 2025-02-16 08:51:05 CET.
Flavor | Version | Tinstall | Tcheck | Ttotal | Status | Flags |
---|---|---|---|---|---|---|
r-devel-linux-x86_64-debian-clang | 2.1.0 | 4.63 | 38.27 | 42.90 | OK | |
r-devel-linux-x86_64-debian-gcc | 2.1.0 | 3.48 | 29.55 | 33.03 | OK | |
r-devel-linux-x86_64-fedora-clang | 2.1.0 | 90.88 | NOTE | |||
r-devel-linux-x86_64-fedora-gcc | 2.1.0 | 101.23 | NOTE | |||
r-devel-macos-arm64 | 2.1.0 | 51.00 | OK | |||
r-devel-macos-x86_64 | 2.1.0 | 123.00 | OK | |||
r-devel-windows-x86_64 | 2.1.0 | 7.00 | 75.00 | 82.00 | OK | |
r-patched-linux-x86_64 | 2.1.0 | 4.54 | 36.72 | 41.26 | OK | |
r-release-linux-x86_64 | 2.1.0 | 4.26 | 37.02 | 41.28 | OK | |
r-release-macos-arm64 | 2.1.0 | 48.00 | OK | |||
r-release-macos-x86_64 | 2.1.0 | 150.00 | OK | |||
r-release-windows-x86_64 | 2.1.0 | 9.00 | 75.00 | 84.00 | OK | |
r-oldrel-macos-arm64 | 2.0.3 | 20.00 | OK | |||
r-oldrel-macos-x86_64 | 2.1.0 | 151.00 | OK | |||
r-oldrel-windows-x86_64 | 2.1.0 | 9.00 | 68.00 | 77.00 | OK |
Version: 2.1.0
Check: for detritus in the temp directory
Result: NOTE
Found the following files/directories:
‘par-7269706c6579’
Flavors: r-devel-linux-x86_64-fedora-clang, r-devel-linux-x86_64-fedora-gcc
These binaries (installable software) and packages are in development.
They may not be fully stable and should be used with caution. We make no claims about them.