Last updated on 2025-10-03 05:53:58 CEST.
Flavor | Version | Tinstall | Tcheck | Ttotal | Status | Flags |
---|---|---|---|---|---|---|
r-devel-linux-x86_64-debian-clang | 1.0.7 | 22.61 | 111.76 | 134.37 | OK | |
r-devel-linux-x86_64-debian-gcc | 1.0.7 | 16.54 | 78.25 | 94.79 | OK | |
r-devel-linux-x86_64-fedora-clang | 1.0.7 | 211.65 | OK | |||
r-devel-linux-x86_64-fedora-gcc | 1.0.7 | 200.12 | OK | |||
r-devel-windows-x86_64 | 1.0.7 | 26.00 | 115.00 | 141.00 | OK | |
r-patched-linux-x86_64 | 1.0.7 | 18.53 | 104.40 | 122.93 | OK | |
r-release-linux-x86_64 | 1.0.7 | 23.73 | 104.51 | 128.24 | OK | |
r-release-macos-arm64 | 1.0.7 | 60.00 | OK | |||
r-release-macos-x86_64 | 1.0.7 | 111.00 | OK | |||
r-release-windows-x86_64 | 1.0.7 | 27.00 | 115.00 | 142.00 | OK | |
r-oldrel-macos-arm64 | 1.0.7 | 62.00 | NOTE | |||
r-oldrel-macos-x86_64 | 1.0.7 | 120.00 | NOTE | |||
r-oldrel-windows-x86_64 | 1.0.7 | 38.00 | 150.00 | 188.00 | NOTE |
Version: 1.0.7
Check: installed package size
Result: NOTE
installed size is 6.4Mb
sub-directories of 1Mb or more:
data 6.0Mb
Flavors: r-oldrel-macos-arm64, r-oldrel-macos-x86_64, r-oldrel-windows-x86_64
These binaries (installable software) and packages are in development.
They may not be fully stable and should be used with caution. We make no claims about them.