Last updated on 2025-02-16 08:51:05 CET.
Flavor | Version | Tinstall | Tcheck | Ttotal | Status | Flags |
---|---|---|---|---|---|---|
r-devel-linux-x86_64-debian-clang | 1.0.7 | 20.84 | 92.45 | 113.29 | OK | |
r-devel-linux-x86_64-debian-gcc | 1.0.7 | 16.82 | 63.50 | 80.32 | OK | |
r-devel-linux-x86_64-fedora-clang | 1.0.7 | 189.70 | OK | |||
r-devel-linux-x86_64-fedora-gcc | 1.0.7 | 175.62 | OK | |||
r-devel-macos-arm64 | 1.0.7 | 65.00 | OK | |||
r-devel-macos-x86_64 | 1.0.7 | 111.00 | OK | |||
r-devel-windows-x86_64 | 1.0.7 | 24.00 | 103.00 | 127.00 | OK | |
r-patched-linux-x86_64 | 1.0.7 | 22.49 | 86.70 | 109.19 | OK | |
r-release-linux-x86_64 | 1.0.7 | 19.88 | 87.47 | 107.35 | OK | |
r-release-macos-arm64 | 1.0.7 | 62.00 | NOTE | |||
r-release-macos-x86_64 | 1.0.7 | 120.00 | NOTE | |||
r-release-windows-x86_64 | 1.0.7 | 25.00 | 103.00 | 128.00 | NOTE | |
r-oldrel-macos-arm64 | 1.0.5 | 61.00 | NOTE | |||
r-oldrel-macos-x86_64 | 1.0.7 | 98.00 | NOTE | |||
r-oldrel-windows-x86_64 | 1.0.7 | 32.00 | 124.00 | 156.00 | NOTE |
Version: 1.0.7
Check: installed package size
Result: NOTE
installed size is 6.4Mb
sub-directories of 1Mb or more:
data 6.0Mb
Flavors: r-release-macos-arm64, r-release-macos-x86_64, r-release-windows-x86_64, r-oldrel-macos-x86_64, r-oldrel-windows-x86_64
Version: 1.0.5
Check: installed package size
Result: NOTE
installed size is 6.4Mb
sub-directories of 1Mb or more:
data 6.1Mb
Flavor: r-oldrel-macos-arm64
These binaries (installable software) and packages are in development.
They may not be fully stable and should be used with caution. We make no claims about them.