CRAN Package Check Results for Package visualpred

Last updated on 2025-10-03 17:48:51 CEST.

Flavor Version Tinstall Tcheck Ttotal Status Flags
r-devel-linux-x86_64-debian-clang 0.1.1 13.45 254.07 267.52 WARN
r-devel-linux-x86_64-debian-gcc 0.1.1 8.03 167.85 175.88 WARN
r-devel-linux-x86_64-fedora-clang 0.1.1 387.73 WARN
r-devel-linux-x86_64-fedora-gcc 0.1.1 386.31 WARN
r-devel-windows-x86_64 0.1.1 16.00 223.00 239.00 WARN
r-patched-linux-x86_64 0.1.1 12.50 233.71 246.21 WARN
r-release-linux-x86_64 0.1.1 12.33 232.02 244.35 WARN
r-release-macos-arm64 0.1.1 96.00 OK
r-release-macos-x86_64 0.1.1 183.00 OK
r-release-windows-x86_64 0.1.1 16.00 224.00 240.00 WARN
r-oldrel-macos-arm64 0.1.1 94.00 OK
r-oldrel-macos-x86_64 0.1.1 115.00 OK
r-oldrel-windows-x86_64 0.1.1 20.00 288.00 308.00 WARN

Check Details

Version: 0.1.1
Check: whether package can be installed
Result: WARN Found the following significant warnings: Warning: replacing previous import ‘e1071::element’ by ‘ggplot2::element’ when loading ‘visualpred’ Flavors: r-devel-linux-x86_64-debian-clang, r-devel-linux-x86_64-debian-gcc, r-devel-linux-x86_64-fedora-clang, r-devel-linux-x86_64-fedora-gcc, r-devel-windows-x86_64, r-patched-linux-x86_64, r-release-linux-x86_64, r-release-windows-x86_64, r-oldrel-windows-x86_64

These binaries (installable software) and packages are in development.
They may not be fully stable and should be used with caution. We make no claims about them.