Last updated on 2025-11-12 18:50:50 CET.
| Flavor | Version | Tinstall | Tcheck | Ttotal | Status | Flags |
|---|---|---|---|---|---|---|
| r-devel-linux-x86_64-debian-clang | 0.2.1 | 5.72 | 96.39 | 102.11 | OK | |
| r-devel-linux-x86_64-debian-gcc | 0.2.1 | 4.17 | 72.64 | 76.81 | OK | |
| r-devel-linux-x86_64-fedora-clang | 0.2.1 | 11.00 | 144.28 | 155.28 | OK | |
| r-devel-linux-x86_64-fedora-gcc | 0.2.1 | 12.00 | 154.38 | 166.38 | OK | |
| r-devel-windows-x86_64 | 0.2.1 | 10.00 | 103.00 | 113.00 | OK | |
| r-patched-linux-x86_64 | 0.2.1 | 5.00 | 91.26 | 96.26 | OK | |
| r-release-linux-x86_64 | 0.2.1 | 5.31 | 91.63 | 96.94 | OK | |
| r-release-macos-arm64 | 0.2.1 | 2.00 | 55.00 | 57.00 | OK | |
| r-release-macos-x86_64 | 0.2.1 | 5.00 | 97.00 | 102.00 | OK | |
| r-release-windows-x86_64 | 0.2.1 | 8.00 | 111.00 | 119.00 | OK | |
| r-oldrel-macos-arm64 | 0.2.1 | 2.00 | 55.00 | 57.00 | NOTE | |
| r-oldrel-macos-x86_64 | 0.2.1 | 4.00 | 71.00 | 75.00 | NOTE | |
| r-oldrel-windows-x86_64 | 0.2.1 | 10.00 | 127.00 | 137.00 | NOTE |
Version: 0.2.1
Check: LazyData
Result: NOTE
'LazyData' is specified without a 'data' directory
Flavors: r-oldrel-macos-arm64, r-oldrel-macos-x86_64, r-oldrel-windows-x86_64
These binaries (installable software) and packages are in development.
They may not be fully stable and should be used with caution. We make no claims about them.