Last updated on 2025-07-27 05:48:48 CEST.
Flavor | Version | Tinstall | Tcheck | Ttotal | Status | Flags |
---|---|---|---|---|---|---|
r-devel-linux-x86_64-debian-clang | 0.2.1 | 5.37 | 81.90 | 87.27 | OK | |
r-devel-linux-x86_64-debian-gcc | 0.2.1 | 3.28 | 61.87 | 65.15 | OK | |
r-devel-linux-x86_64-fedora-clang | 0.2.1 | 132.54 | OK | |||
r-devel-linux-x86_64-fedora-gcc | 0.2.1 | 144.71 | OK | |||
r-devel-windows-x86_64 | 0.2.1 | 7.00 | 94.00 | 101.00 | OK | |
r-patched-linux-x86_64 | 0.2.1 | 4.69 | 76.90 | 81.59 | OK | |
r-release-linux-x86_64 | 0.2.1 | 4.15 | 78.13 | 82.28 | OK | |
r-release-macos-arm64 | 0.2.1 | 57.00 | OK | |||
r-release-macos-x86_64 | 0.2.1 | 102.00 | OK | |||
r-release-windows-x86_64 | 0.2.1 | 8.00 | 94.00 | 102.00 | OK | |
r-oldrel-macos-arm64 | 0.2.1 | 57.00 | NOTE | |||
r-oldrel-macos-x86_64 | 0.2.1 | 75.00 | NOTE | |||
r-oldrel-windows-x86_64 | 0.2.1 | 9.00 | 118.00 | 127.00 | NOTE |
Version: 0.2.1
Check: LazyData
Result: NOTE
'LazyData' is specified without a 'data' directory
Flavors: r-oldrel-macos-arm64, r-oldrel-macos-x86_64, r-oldrel-windows-x86_64
These binaries (installable software) and packages are in development.
They may not be fully stable and should be used with caution. We make no claims about them.