Last updated on 2025-07-02 01:51:55 CEST.
Flavor | Version | Tinstall | Tcheck | Ttotal | Status | Flags |
---|---|---|---|---|---|---|
r-devel-linux-x86_64-debian-clang | 1.0.3 | 13.53 | 318.22 | 331.75 | OK | |
r-devel-linux-x86_64-debian-gcc | 1.0.3 | 9.33 | 201.17 | 210.50 | OK | |
r-devel-linux-x86_64-fedora-clang | 1.0.3 | 542.13 | OK | |||
r-devel-linux-x86_64-fedora-gcc | 1.0.3 | 528.02 | OK | |||
r-devel-windows-x86_64 | 1.0.3 | 16.00 | 271.00 | 287.00 | OK | |
r-patched-linux-x86_64 | OK | |||||
r-release-linux-x86_64 | 1.0.3 | 13.73 | 299.33 | 313.06 | OK | |
r-release-macos-arm64 | 1.0.3 | 171.00 | OK | |||
r-release-macos-x86_64 | 1.0.3 | 303.00 | OK | |||
r-release-windows-x86_64 | 1.0.3 | 15.00 | 269.00 | 284.00 | OK | |
r-oldrel-macos-arm64 | 1.0.3 | 142.00 | NOTE | |||
r-oldrel-macos-x86_64 | 1.0.3 | 303.00 | NOTE | |||
r-oldrel-windows-x86_64 | 1.0.3 | 18.00 | 379.00 | 397.00 | OK |
Version: 1.0.3
Check: package dependencies
Result: NOTE
Package suggested but not available for checking: ‘INLA’
Flavors: r-oldrel-macos-arm64, r-oldrel-macos-x86_64
Version: 1.0.3
Check: Rd cross-references
Result: NOTE
Package unavailable to check Rd xrefs: ‘INLA’
Flavors: r-oldrel-macos-arm64, r-oldrel-macos-x86_64
These binaries (installable software) and packages are in development.
They may not be fully stable and should be used with caution. We make no claims about them.