Last updated on 2025-05-08 04:52:22 CEST.
Flavor | Version | Tinstall | Tcheck | Ttotal | Status | Flags |
---|---|---|---|---|---|---|
r-devel-linux-x86_64-debian-clang | 1.0.3 | 12.83 | 314.42 | 327.25 | OK | |
r-devel-linux-x86_64-debian-gcc | 1.0.3 | 9.82 | 204.52 | 214.34 | OK | |
r-devel-linux-x86_64-fedora-clang | 1.0.3 | 509.59 | OK | |||
r-devel-linux-x86_64-fedora-gcc | 1.0.3 | 512.98 | OK | |||
r-devel-windows-x86_64 | 1.0.3 | 16.00 | 267.00 | 283.00 | OK | |
r-patched-linux-x86_64 | 1.0.3 | 11.64 | 298.19 | 309.83 | OK | |
r-release-linux-x86_64 | 1.0.3 | 12.73 | 301.12 | 313.85 | OK | |
r-release-macos-arm64 | 1.0.3 | 171.00 | OK | |||
r-release-macos-x86_64 | 1.0.3 | 303.00 | OK | |||
r-release-windows-x86_64 | 1.0.3 | 16.00 | 274.00 | 290.00 | OK | |
r-oldrel-macos-arm64 | 1.0.3 | 142.00 | NOTE | |||
r-oldrel-macos-x86_64 | 1.0.3 | 303.00 | NOTE | |||
r-oldrel-windows-x86_64 | 1.0.3 | 20.00 | 376.00 | 396.00 | OK |
Version: 1.0.3
Check: package dependencies
Result: NOTE
Package suggested but not available for checking: ‘INLA’
Flavors: r-oldrel-macos-arm64, r-oldrel-macos-x86_64
Version: 1.0.3
Check: Rd cross-references
Result: NOTE
Package unavailable to check Rd xrefs: ‘INLA’
Flavors: r-oldrel-macos-arm64, r-oldrel-macos-x86_64
These binaries (installable software) and packages are in development.
They may not be fully stable and should be used with caution. We make no claims about them.