Last updated on 2024-07-27 15:50:37 CEST.
Flavor | Version | Tinstall | Tcheck | Ttotal | Status | Flags |
---|---|---|---|---|---|---|
r-devel-linux-x86_64-debian-clang | 0.1.0 | 33.67 | 234.36 | 268.03 | OK | |
r-devel-linux-x86_64-debian-gcc | 0.1.0 | OK | ||||
r-devel-linux-x86_64-fedora-clang | 0.1.0 | 348.33 | NOTE | |||
r-devel-linux-x86_64-fedora-gcc | 0.1.0 | 321.45 | OK | |||
r-devel-windows-x86_64 | 0.1.0 | 35.00 | 178.00 | 213.00 | OK | |
r-patched-linux-x86_64 | 0.1.0 | OK | ||||
r-release-linux-x86_64 | 0.1.0 | 32.46 | 220.05 | 252.51 | OK | |
r-release-macos-arm64 | 0.1.0 | 93.00 | OK | |||
r-release-macos-x86_64 | 0.1.0 | 131.00 | OK | |||
r-release-windows-x86_64 | 0.1.0 | 35.00 | 175.00 | 210.00 | OK | |
r-oldrel-macos-arm64 | 0.1.0 | 107.00 | OK | |||
r-oldrel-macos-x86_64 | 0.1.0 | 173.00 | OK | |||
r-oldrel-windows-x86_64 | 0.1.0 | 46.00 | 222.00 | 268.00 | OK |
Version: 0.1.0
Check: package dependencies
Result: NOTE
Imports includes 25 non-default packages.
Importing from so many packages makes the package vulnerable to any of
them becoming unavailable. Move as many as possible to Suggests and
use conditionally.
Flavor: r-devel-linux-x86_64-fedora-clang
These binaries (installable software) and packages are in development.
They may not be fully stable and should be used with caution. We make no claims about them.