Last updated on 2025-11-16 05:48:56 CET.
| Flavor | Version | Tinstall | Tcheck | Ttotal | Status | Flags |
|---|---|---|---|---|---|---|
| r-devel-linux-x86_64-debian-clang | 1.1.2-9 | 430.55 | 49.57 | 480.12 | OK | |
| r-devel-linux-x86_64-debian-gcc | 1.1.2-9 | 375.91 | 66.43 | 442.34 | OK | |
| r-devel-linux-x86_64-fedora-clang | 1.1.2-9 | 840.00 | -58.25 | 781.75 | OK | |
| r-devel-linux-x86_64-fedora-gcc | 1.1.2-9 | 395.00 | 656.06 | 1051.06 | OK | |
| r-devel-windows-x86_64 | 1.1.2-9 | 585.00 | 143.00 | 728.00 | OK | |
| r-patched-linux-x86_64 | 1.1.2-9 | 500.38 | 90.07 | 590.45 | OK | |
| r-release-linux-x86_64 | 1.1.2-9 | 510.52 | 91.29 | 601.81 | OK | |
| r-release-macos-arm64 | 1.1.2-9 | 177.00 | 28.00 | 205.00 | OK | |
| r-release-macos-x86_64 | 1.1.2-9 | 206.00 | 70.00 | 276.00 | OK | |
| r-release-windows-x86_64 | 1.1.2-9 | 529.00 | 136.00 | 665.00 | OK | |
| r-oldrel-macos-arm64 | 1.1.2-9 | 174.00 | 32.00 | 206.00 | NOTE | |
| r-oldrel-macos-x86_64 | 1.1.2-9 | 234.00 | 119.00 | 353.00 | NOTE | |
| r-oldrel-windows-x86_64 | 1.1.2-9 | 638.00 | 168.00 | 806.00 | OK |
Version: 1.1.2-9
Check: installed package size
Result: NOTE
installed size is 62.0Mb
sub-directories of 1Mb or more:
libs 61.6Mb
Flavors: r-oldrel-macos-arm64, r-oldrel-macos-x86_64
These binaries (installable software) and packages are in development.
They may not be fully stable and should be used with caution. We make no claims about them.