CRAN Package Check Results for Package volesti

Last updated on 2025-07-25 01:49:43 CEST.

Flavor Version Tinstall Tcheck Ttotal Status Flags
r-devel-linux-x86_64-debian-clang 1.1.2-9 431.83 48.51 480.34 OK
r-devel-linux-x86_64-debian-gcc 1.1.2-9 371.41 66.70 438.11 OK
r-devel-linux-x86_64-fedora-clang 1.1.2-9 780.63 OK
r-devel-linux-x86_64-fedora-gcc 1.1.2-9 1082.79 OK
r-devel-windows-x86_64 1.1.2-9 539.00 166.00 705.00 OK
r-patched-linux-x86_64 1.1.2-9 512.50 89.75 602.25 OK
r-release-linux-x86_64 1.1.2-9 509.34 90.21 599.55 OK
r-release-macos-arm64 1.1.2-9 205.00 OK
r-release-macos-x86_64 1.1.2-9 276.00 OK
r-release-windows-x86_64 1.1.2-9 525.00 144.00 669.00 OK
r-oldrel-macos-arm64 1.1.2-9 206.00 NOTE
r-oldrel-macos-x86_64 1.1.2-9 353.00 NOTE
r-oldrel-windows-x86_64 1.1.2-9 621.00 166.00 787.00 OK

Check Details

Version: 1.1.2-9
Check: installed package size
Result: NOTE installed size is 62.0Mb sub-directories of 1Mb or more: libs 61.6Mb Flavors: r-oldrel-macos-arm64, r-oldrel-macos-x86_64

These binaries (installable software) and packages are in development.
They may not be fully stable and should be used with caution. We make no claims about them.