Last updated on 2025-02-16 08:51:05 CET.
Flavor | Version | Tinstall | Tcheck | Ttotal | Status | Flags |
---|---|---|---|---|---|---|
r-devel-linux-x86_64-debian-clang | 1.0.5 | 2.09 | 18.38 | 20.47 | NOTE | |
r-devel-linux-x86_64-debian-gcc | 1.0.5 | 1.62 | 14.95 | 16.57 | NOTE | |
r-devel-linux-x86_64-fedora-clang | 1.0.5 | 34.71 | NOTE | |||
r-devel-linux-x86_64-fedora-gcc | 1.0.5 | 33.24 | NOTE | |||
r-devel-macos-arm64 | 1.0.5 | 17.00 | NOTE | |||
r-devel-macos-x86_64 | 1.0.5 | 37.00 | NOTE | |||
r-devel-windows-x86_64 | 1.0.5 | 4.00 | 40.00 | 44.00 | NOTE | |
r-patched-linux-x86_64 | 1.0.5 | 2.39 | 17.89 | 20.28 | NOTE | |
r-release-linux-x86_64 | 1.0.5 | 2.08 | 17.56 | 19.64 | NOTE | |
r-release-macos-arm64 | 1.0.5 | 16.00 | NOTE | |||
r-release-macos-x86_64 | 1.0.5 | 34.00 | NOTE | |||
r-release-windows-x86_64 | 1.0.5 | 4.00 | 40.00 | 44.00 | NOTE | |
r-oldrel-macos-arm64 | 1.0.5 | 17.00 | NOTE | |||
r-oldrel-macos-x86_64 | 1.0.5 | 24.00 | NOTE | |||
r-oldrel-windows-x86_64 | 1.0.5 | 6.00 | 40.00 | 46.00 | NOTE |
Version: 1.0.5
Check: package subdirectories
Result: NOTE
Problems with news in ‘NEWS.md’:
Cannot extract version info from the following section titles:
vortexRdata pre-1.0.3
Flavors: r-devel-linux-x86_64-debian-clang, r-devel-linux-x86_64-debian-gcc, r-devel-linux-x86_64-fedora-clang, r-devel-linux-x86_64-fedora-gcc, r-devel-macos-arm64, r-devel-macos-x86_64, r-devel-windows-x86_64, r-patched-linux-x86_64, r-release-linux-x86_64, r-release-macos-arm64, r-release-macos-x86_64, r-release-windows-x86_64, r-oldrel-macos-arm64, r-oldrel-macos-x86_64, r-oldrel-windows-x86_64
These binaries (installable software) and packages are in development.
They may not be fully stable and should be used with caution. We make no claims about them.