CRAN Package Check Results for Package vosonSML

Last updated on 2025-05-08 04:52:22 CEST.

Flavor Version Tinstall Tcheck Ttotal Status Flags
r-devel-linux-x86_64-debian-clang 0.32.7 8.13 58.11 66.24 NOTE
r-devel-linux-x86_64-debian-gcc 0.32.7 4.61 44.60 49.21 NOTE
r-devel-linux-x86_64-fedora-clang 0.32.7 113.74 NOTE
r-devel-linux-x86_64-fedora-gcc 0.32.7 113.77 NOTE
r-devel-windows-x86_64 0.32.7 11.00 79.00 90.00 NOTE
r-patched-linux-x86_64 0.32.7 9.46 54.04 63.50 NOTE
r-release-linux-x86_64 0.32.7 8.07 52.66 60.73 NOTE
r-release-macos-arm64 0.32.7 41.00 OK
r-release-macos-x86_64 0.32.7 76.00 OK
r-release-windows-x86_64 0.32.7 10.00 76.00 86.00 OK
r-oldrel-macos-arm64 0.32.7 40.00 OK
r-oldrel-macos-x86_64 0.32.7 62.00 OK
r-oldrel-windows-x86_64 0.32.7 12.00 87.00 99.00 OK

Check Details

Version: 0.32.7
Check: Rd cross-references
Result: NOTE Unknown package ‘rtweet’ in Rd xrefs Flavors: r-devel-linux-x86_64-debian-clang, r-devel-linux-x86_64-debian-gcc, r-devel-linux-x86_64-fedora-clang, r-devel-linux-x86_64-fedora-gcc, r-devel-windows-x86_64, r-patched-linux-x86_64, r-release-linux-x86_64

These binaries (installable software) and packages are in development.
They may not be fully stable and should be used with caution. We make no claims about them.