Last updated on 2025-10-23 11:50:33 CEST.
Flavor | Version | Tinstall | Tcheck | Ttotal | Status | Flags |
---|---|---|---|---|---|---|
r-devel-linux-x86_64-debian-clang | 0.35.1 | 6.26 | 49.61 | 55.87 | NOTE | |
r-devel-linux-x86_64-debian-gcc | 0.35.1 | 4.09 | 36.50 | 40.59 | OK | |
r-devel-linux-x86_64-fedora-clang | 0.35.1 | 85.00 | 5.76 | 90.76 | OK | |
r-devel-linux-x86_64-fedora-gcc | 0.35.1 | 14.00 | 77.85 | 91.85 | OK | |
r-devel-windows-x86_64 | 0.35.1 | 8.00 | 68.00 | 76.00 | OK | |
r-patched-linux-x86_64 | 0.35.1 | 7.13 | 43.90 | 51.03 | OK | |
r-release-linux-x86_64 | 0.35.1 | 6.17 | 44.27 | 50.44 | OK | |
r-release-macos-arm64 | 0.35.1 | 3.00 | 33.00 | 36.00 | OK | |
r-release-macos-x86_64 | 0.35.1 | 7.00 | 57.00 | 64.00 | OK | |
r-release-windows-x86_64 | 0.35.1 | 9.00 | 68.00 | 77.00 | OK | |
r-oldrel-macos-arm64 | 0.35.1 | 3.00 | 38.00 | 41.00 | OK | |
r-oldrel-macos-x86_64 | 0.35.1 | 9.00 | 63.00 | 72.00 | OK | |
r-oldrel-windows-x86_64 | 0.35.1 | 10.00 | 78.00 | 88.00 | OK |
Version: 0.35.1
Check: HTML version of manual
Result: NOTE
Found the following HTML validation problems:
Authenticate.html:63:1 (Authenticate.Rd:16): Warning: missing </ul> before </div>
Collect.html:61:1 (Collect.Rd:17): Warning: missing </ul> before </div>
Create.html:66:1 (Create.Rd:20): Warning: missing </ul> before </div>
Flavor: r-devel-linux-x86_64-debian-clang
These binaries (installable software) and packages are in development.
They may not be fully stable and should be used with caution. We make no claims about them.