CRAN Package Check Results for Package voxel

Last updated on 2025-05-01 15:49:48 CEST.

Flavor Version Tinstall Tcheck Ttotal Status Flags
r-devel-linux-x86_64-debian-clang 1.3.5 13.75 128.25 142.00 NOTE
r-devel-linux-x86_64-debian-gcc 1.3.5 8.48 95.39 103.87 NOTE
r-devel-linux-x86_64-fedora-clang 1.3.5 225.03 NOTE
r-devel-linux-x86_64-fedora-gcc 1.3.5 204.95 NOTE
r-devel-windows-x86_64 1.3.5 16.00 132.00 148.00 NOTE
r-patched-linux-x86_64 1.3.5 13.29 120.54 133.83 NOTE
r-release-linux-x86_64 NOTE
r-release-macos-arm64 1.3.5 58.00 NOTE
r-release-macos-x86_64 1.3.5 109.00 NOTE
r-release-windows-x86_64 1.3.5 16.00 132.00 148.00 NOTE
r-oldrel-macos-arm64 1.3.5 60.00 NOTE
r-oldrel-macos-x86_64 1.3.5 97.00 NOTE
r-oldrel-windows-x86_64 1.3.5 18.00 166.00 184.00 NOTE

Check Details

Version: 1.3.5
Check: package subdirectories
Result: NOTE Problems with news in ‘NEWS.md’: No news entries found. Flavors: r-devel-linux-x86_64-debian-clang, r-devel-linux-x86_64-debian-gcc, r-devel-linux-x86_64-fedora-clang, r-devel-linux-x86_64-fedora-gcc, r-devel-windows-x86_64, r-patched-linux-x86_64, r-release-linux-x86_64, r-release-macos-arm64, r-release-macos-x86_64, r-release-windows-x86_64, r-oldrel-macos-arm64, r-oldrel-macos-x86_64, r-oldrel-windows-x86_64

Version: 1.3.5
Check: dependencies in R code
Result: NOTE Namespace in Imports field not imported from: ‘methods’ All declared Imports should be used. Flavors: r-devel-linux-x86_64-fedora-clang, r-devel-linux-x86_64-fedora-gcc

Version: 1.3.5
Check: LazyData
Result: NOTE 'LazyData' is specified without a 'data' directory Flavors: r-oldrel-macos-arm64, r-oldrel-macos-x86_64, r-oldrel-windows-x86_64

These binaries (installable software) and packages are in development.
They may not be fully stable and should be used with caution. We make no claims about them.