Last updated on 2024-07-27 15:50:37 CEST.
Flavor | Version | Tinstall | Tcheck | Ttotal | Status | Flags |
---|---|---|---|---|---|---|
r-devel-linux-x86_64-debian-clang | 1.6.5 | 141.17 | 133.65 | 274.82 | NOTE | |
r-devel-linux-x86_64-debian-gcc | 1.6.5 | NOTE | ||||
r-devel-linux-x86_64-fedora-clang | 1.6.5 | 377.92 | NOTE | |||
r-devel-linux-x86_64-fedora-gcc | 1.6.5 | 417.20 | NOTE | |||
r-devel-windows-x86_64 | 1.6.5 | 143.00 | 150.00 | 293.00 | NOTE | |
r-patched-linux-x86_64 | 1.6.5 | OK | ||||
r-release-linux-x86_64 | 1.6.5 | 135.50 | 127.53 | 263.03 | OK | |
r-release-macos-arm64 | 1.6.5 | 95.00 | NOTE | |||
r-release-macos-x86_64 | 1.6.5 | 107.00 | NOTE | |||
r-release-windows-x86_64 | 1.6.5 | 137.00 | 151.00 | 288.00 | OK | |
r-oldrel-macos-arm64 | 1.6.5 | 94.00 | NOTE | |||
r-oldrel-macos-x86_64 | 1.6.5 | 135.00 | NOTE | |||
r-oldrel-windows-x86_64 | 1.6.5 | 164.00 | 175.00 | 339.00 | OK |
Version: 1.6.5
Check: compiled code
Result: NOTE
File ‘vroom/libs/vroom.so’:
Found non-API calls to R: ‘SETLENGTH’, ‘SET_GROWABLE_BIT’,
‘SET_TRUELENGTH’, ‘STDVEC_DATAPTR’
Compiled code should not call non-API entry points in R.
See ‘Writing portable packages’ in the ‘Writing R Extensions’ manual,
and section ‘Moving into C API compliance’ for issues with the use of
non-API entry points.
Flavors: r-devel-linux-x86_64-debian-clang, r-devel-linux-x86_64-debian-gcc, r-devel-linux-x86_64-fedora-clang, r-devel-linux-x86_64-fedora-gcc
Version: 1.6.5
Check: Rd cross-references
Result: NOTE
Undeclared package ‘readr’ in Rd xrefs
Flavor: r-devel-linux-x86_64-fedora-clang
Version: 1.6.5
Check: compiled code
Result: NOTE
File 'vroom/libs/x64/vroom.dll':
Found non-API calls to R: 'SETLENGTH', 'SET_GROWABLE_BIT',
'SET_TRUELENGTH', 'STDVEC_DATAPTR'
Compiled code should not call non-API entry points in R.
See 'Writing portable packages' in the 'Writing R Extensions' manual,
and section 'Moving into C API compliance' for issues with the use of
non-API entry points.
Flavor: r-devel-windows-x86_64
Version: 1.6.5
Check: installed package size
Result: NOTE
installed size is 9.9Mb
sub-directories of 1Mb or more:
libs 8.4Mb
Flavors: r-release-macos-arm64, r-release-macos-x86_64, r-oldrel-macos-arm64, r-oldrel-macos-x86_64
These binaries (installable software) and packages are in development.
They may not be fully stable and should be used with caution. We make no claims about them.