Last updated on 2025-02-16 08:51:05 CET.
Flavor | Version | Tinstall | Tcheck | Ttotal | Status | Flags |
---|---|---|---|---|---|---|
r-devel-linux-x86_64-debian-clang | 0.7 | 4.62 | 83.71 | 88.33 | NOTE | |
r-devel-linux-x86_64-debian-gcc | 0.7 | 3.68 | 50.74 | 54.42 | NOTE | |
r-devel-linux-x86_64-fedora-clang | 0.7 | 150.49 | OK | |||
r-devel-linux-x86_64-fedora-gcc | 0.7 | 122.24 | OK | |||
r-devel-macos-arm64 | 0.7 | 45.00 | OK | |||
r-devel-macos-x86_64 | 0.7 | 85.00 | OK | |||
r-devel-windows-x86_64 | 0.7 | 7.00 | 95.00 | 102.00 | NOTE | |
r-patched-linux-x86_64 | 0.7 | 7.12 | 66.87 | 73.99 | OK | |
r-release-linux-x86_64 | 0.7 | 5.70 | 67.10 | 72.80 | OK | |
r-release-macos-arm64 | 0.7 | 40.00 | OK | |||
r-release-macos-x86_64 | 0.7 | 61.00 | OK | |||
r-release-windows-x86_64 | 0.7 | 7.00 | 97.00 | 104.00 | OK | |
r-oldrel-macos-arm64 | 0.7 | 43.00 | OK | |||
r-oldrel-macos-x86_64 | 0.7 | 95.00 | OK | |||
r-oldrel-windows-x86_64 | 0.7 | 8.00 | 103.00 | 111.00 | OK |
Version: 0.7
Check: Rd cross-references
Result: NOTE
Found the following Rd file(s) with Rd \link{} targets missing package
anchors:
vscc.Rd: teigen, Mclust
Please provide package anchors for all Rd \link{} targets not in the
package itself and the base packages.
Flavors: r-devel-linux-x86_64-debian-clang, r-devel-linux-x86_64-debian-gcc, r-devel-windows-x86_64
These binaries (installable software) and packages are in development.
They may not be fully stable and should be used with caution. We make no claims about them.