CRAN Package Check Results for Package vsgoftest

Last updated on 2025-11-11 15:50:51 CET.

Flavor Version Tinstall Tcheck Ttotal Status Flags
r-devel-linux-x86_64-debian-clang 1.0-1 14.37 133.28 147.65 NOTE
r-devel-linux-x86_64-debian-gcc 1.0-1 11.04 90.32 101.36 NOTE
r-devel-linux-x86_64-fedora-clang 1.0-1 35.00 198.93 233.93 OK
r-devel-linux-x86_64-fedora-gcc 1.0-1 33.00 211.01 244.01 OK
r-devel-windows-x86_64 1.0-1 20.00 178.00 198.00 OK
r-patched-linux-x86_64 1.0-1 16.22 127.27 143.49 OK
r-release-linux-x86_64 1.0-1 14.55 125.28 139.83 OK
r-release-macos-arm64 1.0-1 8.00 74.00 82.00 OK
r-release-macos-x86_64 1.0-1 12.00 159.00 171.00 OK
r-release-windows-x86_64 1.0-1 20.00 179.00 199.00 OK
r-oldrel-macos-arm64 1.0-1 8.00 59.00 67.00 OK
r-oldrel-macos-x86_64 1.0-1 14.00 181.00 195.00 OK
r-oldrel-windows-x86_64 1.0-1 25.00 207.00 232.00 OK

Check Details

Version: 1.0-1
Check: CRAN incoming feasibility
Result: NOTE Maintainer: ‘Philippe Regnault <philipperegnault@hotmail.com>’ No Authors@R field in DESCRIPTION. Please add one, modifying Authors@R: c(person(given = "Justine", family = "Lequesne", role = "aut"), person(given = "Philippe", family = "Regnault", role = c("aut", "cre"), email = "philipperegnault@hotmail.com")) as necessary. Flavors: r-devel-linux-x86_64-debian-clang, r-devel-linux-x86_64-debian-gcc

These binaries (installable software) and packages are in development.
They may not be fully stable and should be used with caution. We make no claims about them.