Last updated on 2025-05-08 04:52:22 CEST.
Flavor | Version | Tinstall | Tcheck | Ttotal | Status | Flags |
---|---|---|---|---|---|---|
r-devel-linux-x86_64-debian-clang | 1.0-1 | 13.39 | 130.54 | 143.93 | NOTE | |
r-devel-linux-x86_64-debian-gcc | 1.0-1 | 10.48 | 90.65 | 101.13 | NOTE | |
r-devel-linux-x86_64-fedora-clang | 1.0-1 | 231.43 | OK | |||
r-devel-linux-x86_64-fedora-gcc | 1.0-1 | 248.47 | OK | |||
r-devel-windows-x86_64 | 1.0-1 | 19.00 | 182.00 | 201.00 | OK | |
r-patched-linux-x86_64 | 1.0-1 | 13.66 | 127.33 | 140.99 | OK | |
r-release-linux-x86_64 | 1.0-1 | 15.17 | 124.36 | 139.53 | OK | |
r-release-macos-arm64 | 1.0-1 | 82.00 | OK | |||
r-release-macos-x86_64 | 1.0-1 | 171.00 | OK | |||
r-release-windows-x86_64 | 1.0-1 | 20.00 | 184.00 | 204.00 | OK | |
r-oldrel-macos-arm64 | 1.0-1 | 67.00 | OK | |||
r-oldrel-macos-x86_64 | 1.0-1 | 195.00 | OK | |||
r-oldrel-windows-x86_64 | 1.0-1 | 25.00 | 208.00 | 233.00 | OK |
Version: 1.0-1
Check: CRAN incoming feasibility
Result: NOTE
Maintainer: ‘Philippe Regnault <philipperegnault@hotmail.com>’
No Authors@R field in DESCRIPTION.
Please add one, modifying
Authors@R: c(person(given = "Justine",
family = "Lequesne",
role = "aut"),
person(given = "Philippe",
family = "Regnault",
role = c("aut", "cre"),
email = "philipperegnault@hotmail.com"))
as necessary.
Flavors: r-devel-linux-x86_64-debian-clang, r-devel-linux-x86_64-debian-gcc
These binaries (installable software) and packages are in development.
They may not be fully stable and should be used with caution. We make no claims about them.