CRAN Package Check Results for Package vstsr

Last updated on 2025-05-25 19:49:50 CEST.

Flavor Version Tinstall Tcheck Ttotal Status Flags
r-devel-linux-x86_64-debian-clang 1.1.0 2.78 21.22 24.00 NOTE
r-devel-linux-x86_64-debian-gcc 1.1.0 2.12 17.07 19.19 NOTE
r-devel-linux-x86_64-fedora-clang 1.1.0 36.81 NOTE
r-devel-linux-x86_64-fedora-gcc 1.1.0 36.93 NOTE
r-devel-windows-x86_64 1.1.0 5.00 46.00 51.00 NOTE
r-patched-linux-x86_64 1.1.0 2.20 20.18 22.38 NOTE
r-release-linux-x86_64 1.1.0 2.56 20.21 22.77 NOTE
r-release-macos-arm64 1.1.0 19.00 NOTE
r-release-macos-x86_64 1.1.0 31.00 NOTE
r-release-windows-x86_64 1.1.0 5.00 44.00 49.00 NOTE
r-oldrel-macos-arm64 1.1.0 16.00 NOTE
r-oldrel-macos-x86_64 1.1.0 27.00 NOTE
r-oldrel-windows-x86_64 1.1.0 5.00 49.00 54.00 NOTE

Check Details

Version: 1.1.0
Check: Rd files
Result: NOTE checkRd: (-1) vsts_create_release.Rd:33: Lost braces in \itemize; meant \describe ? checkRd: (-1) vsts_create_release.Rd:34: Lost braces in \itemize; meant \describe ? Flavors: r-devel-linux-x86_64-debian-clang, r-devel-linux-x86_64-debian-gcc, r-devel-linux-x86_64-fedora-clang, r-devel-linux-x86_64-fedora-gcc, r-devel-windows-x86_64, r-patched-linux-x86_64, r-release-linux-x86_64, r-release-macos-arm64, r-release-macos-x86_64, r-release-windows-x86_64, r-oldrel-macos-arm64, r-oldrel-macos-x86_64, r-oldrel-windows-x86_64

Version: 1.1.0
Check: dependencies in R code
Result: NOTE Namespace in Imports field not imported from: ‘R6’ All declared Imports should be used. Flavors: r-devel-linux-x86_64-fedora-clang, r-devel-linux-x86_64-fedora-gcc

These binaries (installable software) and packages are in development.
They may not be fully stable and should be used with caution. We make no claims about them.