CRAN Package Check Results for Package vudc

Last updated on 2025-05-08 04:52:22 CEST.

Flavor Version Tinstall Tcheck Ttotal Status Flags
r-devel-linux-x86_64-debian-clang 1.1 1.70 22.06 23.76 NOTE
r-devel-linux-x86_64-debian-gcc 1.1 1.45 18.06 19.51 NOTE
r-devel-linux-x86_64-fedora-clang 1.1 36.42 OK
r-devel-linux-x86_64-fedora-gcc 1.1 35.91 OK
r-devel-windows-x86_64 1.1 2.00 46.00 48.00 OK
r-patched-linux-x86_64 1.1 1.73 21.30 23.03 OK
r-release-linux-x86_64 1.1 1.45 21.04 22.49 OK
r-release-macos-arm64 1.1 17.00 OK
r-release-macos-x86_64 1.1 30.00 OK
r-release-windows-x86_64 1.1 3.00 50.00 53.00 OK
r-oldrel-macos-arm64 1.1 17.00 OK
r-oldrel-macos-x86_64 1.1 28.00 OK
r-oldrel-windows-x86_64 1.1 3.00 46.00 49.00 OK

Check Details

Version: 1.1
Check: CRAN incoming feasibility
Result: NOTE Maintainer: ‘Csaba Farago <farago@inf.u-szeged.hu>’ No Authors@R field in DESCRIPTION. Please add one, modifying Authors@R: person(given = "Csaba", family = "Farago", role = c("aut", "cre"), email = "farago@inf.u-szeged.hu") as necessary. Flavors: r-devel-linux-x86_64-debian-clang, r-devel-linux-x86_64-debian-gcc

These binaries (installable software) and packages are in development.
They may not be fully stable and should be used with caution. We make no claims about them.