Last updated on 2025-05-01 14:49:26 CEST.
Flavor | Version | Tinstall | Tcheck | Ttotal | Status | Flags |
---|---|---|---|---|---|---|
r-devel-linux-x86_64-debian-clang | 0.2.8 | 2.52 | 32.10 | 34.62 | NOTE | |
r-devel-linux-x86_64-debian-gcc | 0.2.8 | 1.83 | 26.05 | 27.88 | NOTE | |
r-devel-linux-x86_64-fedora-clang | 0.2.8 | 52.17 | NOTE | |||
r-devel-linux-x86_64-fedora-gcc | 0.2.8 | 55.41 | NOTE | |||
r-devel-windows-x86_64 | 0.2.8 | 4.00 | 60.00 | 64.00 | OK | |
r-patched-linux-x86_64 | 0.2.8 | 2.40 | 31.86 | 34.26 | OK | |
r-release-linux-x86_64 | OK | |||||
r-release-macos-arm64 | 0.2.8 | 25.00 | OK | |||
r-release-macos-x86_64 | 0.2.8 | 47.00 | OK | |||
r-release-windows-x86_64 | 0.2.8 | 6.00 | 63.00 | 69.00 | OK | |
r-oldrel-macos-arm64 | 0.2.8 | 25.00 | OK | |||
r-oldrel-macos-x86_64 | 0.2.8 | 39.00 | OK | |||
r-oldrel-windows-x86_64 | 0.2.8 | 4.00 | 65.00 | 69.00 | OK |
Version: 0.2.8
Check: CRAN incoming feasibility
Result: NOTE
Maintainer: ‘Robert W. Cort <rcorty@gmail.com>’
No Authors@R field in DESCRIPTION.
Please add one, modifying
Authors@R: person(given = c("Robert", "W."),
family = "Cort",
role = c("aut", "cre"),
email = "rcorty@gmail.com")
as necessary.
Flavors: r-devel-linux-x86_64-debian-clang, r-devel-linux-x86_64-debian-gcc
Version: 0.2.8
Check: dependencies in R code
Result: NOTE
Namespace in Imports field not imported from: ‘MASS’
All declared Imports should be used.
Flavors: r-devel-linux-x86_64-fedora-clang, r-devel-linux-x86_64-fedora-gcc
These binaries (installable software) and packages are in development.
They may not be fully stable and should be used with caution. We make no claims about them.