CRAN Package Check Results for Package wTO

Last updated on 2025-07-19 03:48:50 CEST.

Flavor Version Tinstall Tcheck Ttotal Status Flags
r-devel-linux-x86_64-debian-clang 2.1 6.08 46.12 52.20 NOTE
r-devel-linux-x86_64-debian-gcc 2.1 4.30 33.18 37.48 NOTE
r-devel-linux-x86_64-fedora-clang 2.1 80.50 OK
r-devel-linux-x86_64-fedora-gcc 2.1 74.71 OK
r-devel-windows-x86_64 2.1 7.00 65.00 72.00 OK
r-patched-linux-x86_64 2.1 5.92 42.78 48.70 OK
r-release-linux-x86_64 2.1 4.80 43.21 48.01 OK
r-release-macos-arm64 2.1 27.00 OK
r-release-macos-x86_64 2.1 57.00 OK
r-release-windows-x86_64 2.1 8.00 64.00 72.00 OK
r-oldrel-macos-arm64 2.1 29.00 OK
r-oldrel-macos-x86_64 2.1 72.00 OK
r-oldrel-windows-x86_64 2.1 10.00 75.00 85.00 OK

Check Details

Version: 2.1
Check: CRAN incoming feasibility
Result: NOTE Maintainer: ‘Deisy Morselli Gysi <deisy.ccnr@gmail.com>’ No Authors@R field in DESCRIPTION. Please add one, modifying Authors@R: c(person(given = c("Deisy", "Morselli"), family = "Gysi", role = c("aut", "cre"), email = "deisy.ccnr@gmail.com"), person(given = "Andre", family = "Voigt", role = "aut"), person(given = c("Tiago", "Miranda"), family = "Fragoso", role = "aut"), person(given = "Eivind", family = "Almaas", role = "aut"), person(given = "Katja", family = "Nowick.", role = "aut")) as necessary. Flavors: r-devel-linux-x86_64-debian-clang, r-devel-linux-x86_64-debian-gcc

These binaries (installable software) and packages are in development.
They may not be fully stable and should be used with caution. We make no claims about them.