Last updated on 2025-02-02 14:48:38 CET.
Flavor | Version | Tinstall | Tcheck | Ttotal | Status | Flags |
---|---|---|---|---|---|---|
r-devel-linux-x86_64-debian-clang | 0.2.5 | 8.21 | 41.54 | 49.75 | OK | |
r-devel-linux-x86_64-debian-gcc | 0.2.5 | 5.17 | 30.63 | 35.80 | OK | |
r-devel-linux-x86_64-fedora-clang | 0.2.5 | 81.92 | NOTE | |||
r-devel-linux-x86_64-fedora-gcc | 0.2.5 | 88.84 | NOTE | |||
r-devel-windows-x86_64 | 0.2.5 | 11.00 | 65.00 | 76.00 | OK | |
r-patched-linux-x86_64 | 0.2.5 | 7.63 | 38.85 | 46.48 | OK | |
r-release-linux-x86_64 | 0.2.5 | 6.61 | 39.23 | 45.84 | OK | |
r-release-macos-arm64 | 0.2.5 | 30.00 | OK | |||
r-release-macos-x86_64 | 0.2.5 | 46.00 | OK | |||
r-release-windows-x86_64 | 0.2.5 | 9.00 | 65.00 | 74.00 | OK | |
r-oldrel-macos-arm64 | 0.2.5 | 33.00 | OK | |||
r-oldrel-macos-x86_64 | 0.2.5 | 49.00 | OK | |||
r-oldrel-windows-x86_64 | 0.2.5 | 12.00 | 70.00 | 82.00 | OK |
Version: 0.2.5
Check: dependencies in R code
Result: NOTE
Namespace in Imports field not imported from: ‘R6’
All declared Imports should be used.
Flavors: r-devel-linux-x86_64-fedora-clang, r-devel-linux-x86_64-fedora-gcc
These binaries (installable software) and packages are in development.
They may not be fully stable and should be used with caution. We make no claims about them.