Last updated on 2025-07-26 07:50:38 CEST.
Flavor | Version | Tinstall | Tcheck | Ttotal | Status | Flags |
---|---|---|---|---|---|---|
r-devel-linux-x86_64-debian-clang | 0.2.5 | 8.25 | 44.37 | 52.62 | OK | |
r-devel-linux-x86_64-debian-gcc | 0.2.5 | 4.86 | 34.52 | 39.38 | OK | |
r-devel-linux-x86_64-fedora-clang | 0.2.5 | 79.32 | NOTE | |||
r-devel-linux-x86_64-fedora-gcc | 0.2.5 | 88.94 | NOTE | |||
r-devel-windows-x86_64 | 0.2.5 | 10.00 | 76.00 | 86.00 | OK | |
r-patched-linux-x86_64 | 0.2.5 | 8.79 | 40.72 | 49.51 | OK | |
r-release-linux-x86_64 | 0.2.5 | 8.20 | 40.22 | 48.42 | OK | |
r-release-macos-arm64 | 0.2.5 | 47.00 | OK | |||
r-release-macos-x86_64 | 0.2.5 | 64.00 | OK | |||
r-release-windows-x86_64 | 0.2.5 | 10.00 | 66.00 | 76.00 | OK | |
r-oldrel-macos-arm64 | 0.2.5 | 30.00 | OK | |||
r-oldrel-macos-x86_64 | 0.2.5 | 46.00 | OK | |||
r-oldrel-windows-x86_64 | 0.2.5 | 13.00 | 76.00 | 89.00 | OK |
Version: 0.2.5
Check: dependencies in R code
Result: NOTE
Namespace in Imports field not imported from: ‘R6’
All declared Imports should be used.
Flavors: r-devel-linux-x86_64-fedora-clang, r-devel-linux-x86_64-fedora-gcc
These binaries (installable software) and packages are in development.
They may not be fully stable and should be used with caution. We make no claims about them.