CRAN Package Check Results for Package waiter

Last updated on 2025-05-08 04:52:22 CEST.

Flavor Version Tinstall Tcheck Ttotal Status Flags
r-devel-linux-x86_64-debian-clang 0.2.5 6.58 43.92 50.50 OK
r-devel-linux-x86_64-debian-gcc 0.2.5 5.37 33.85 39.22 OK
r-devel-linux-x86_64-fedora-clang 0.2.5 78.64 NOTE
r-devel-linux-x86_64-fedora-gcc 0.2.5 89.74 NOTE
r-devel-windows-x86_64 0.2.5 11.00 65.00 76.00 OK
r-patched-linux-x86_64 0.2.5 8.91 40.14 49.05 OK
r-release-linux-x86_64 0.2.5 7.69 40.01 47.70 OK
r-release-macos-arm64 0.2.5 47.00 OK
r-release-macos-x86_64 0.2.5 64.00 OK
r-release-windows-x86_64 0.2.5 10.00 66.00 76.00 OK
r-oldrel-macos-arm64 0.2.5 30.00 OK
r-oldrel-macos-x86_64 0.2.5 46.00 OK
r-oldrel-windows-x86_64 0.2.5 11.00 74.00 85.00 OK

Check Details

Version: 0.2.5
Check: dependencies in R code
Result: NOTE Namespace in Imports field not imported from: ‘R6’ All declared Imports should be used. Flavors: r-devel-linux-x86_64-fedora-clang, r-devel-linux-x86_64-fedora-gcc

These binaries (installable software) and packages are in development.
They may not be fully stable and should be used with caution. We make no claims about them.