Last updated on 2025-07-25 01:49:43 CEST.
Flavor | Version | Tinstall | Tcheck | Ttotal | Status | Flags |
---|---|---|---|---|---|---|
r-devel-linux-x86_64-debian-clang | 0.3.6 | 4.08 | 61.68 | 65.76 | NOTE | |
r-devel-linux-x86_64-debian-gcc | 0.3.6 | 3.52 | 43.97 | 47.49 | NOTE | |
r-devel-linux-x86_64-fedora-clang | 0.3.6 | 99.19 | OK | |||
r-devel-linux-x86_64-fedora-gcc | 0.3.6 | 95.57 | OK | |||
r-devel-windows-x86_64 | 0.3.6 | 8.00 | 110.00 | 118.00 | OK | |
r-patched-linux-x86_64 | 0.3.6 | 8.31 | 56.46 | 64.77 | OK | |
r-release-linux-x86_64 | 0.3.6 | 4.68 | 56.63 | 61.31 | OK | |
r-release-macos-arm64 | 0.3.6 | 30.00 | OK | |||
r-release-macos-x86_64 | 0.3.6 | 54.00 | OK | |||
r-release-windows-x86_64 | 0.3.6 | 8.00 | 104.00 | 112.00 | OK | |
r-oldrel-macos-arm64 | 0.3.6 | 28.00 | OK | |||
r-oldrel-macos-x86_64 | 0.3.6 | 44.00 | OK | |||
r-oldrel-windows-x86_64 | 0.3.6 | 9.00 | 113.00 | 122.00 | OK |
Version: 0.3.6
Check: CRAN incoming feasibility
Result: NOTE
Maintainer: ‘Tyler Rinker <tyler.rinker@gmail.com>’
Package CITATION file contains call(s) to old-style citEntry(). Please
use bibentry() instead.
Flavors: r-devel-linux-x86_64-debian-clang, r-devel-linux-x86_64-debian-gcc
These binaries (installable software) and packages are in development.
They may not be fully stable and should be used with caution. We make no claims about them.