CRAN Package Check Results for Package walker

Last updated on 2025-07-22 19:52:04 CEST.

Flavor Version Tinstall Tcheck Ttotal Status Flags
r-devel-linux-x86_64-debian-clang 1.0.10 514.74 238.30 753.04 OK
r-devel-linux-x86_64-debian-gcc 1.0.10 483.72 214.78 698.50 OK
r-devel-linux-x86_64-fedora-clang 1.0.10 1148.44 OK
r-devel-linux-x86_64-fedora-gcc 1.0.10 1541.79 OK
r-devel-windows-x86_64 1.0.10 566.00 291.00 857.00 OK
r-patched-linux-x86_64 1.0.10 575.46 285.78 861.24 OK
r-release-linux-x86_64 1.0.10 587.09 288.76 875.85 OK
r-release-macos-arm64 1.0.10 304.00 OK
r-release-macos-x86_64 1.0.10 373.00 OK
r-release-windows-x86_64 1.0.10 572.00 294.00 866.00 OK
r-oldrel-macos-arm64 1.0.10 167.00 NOTE
r-oldrel-macos-x86_64 1.0.10 190.00 NOTE
r-oldrel-windows-x86_64 1.0.10 640.00 392.00 1032.00 NOTE

Check Details

Version: 1.0.10
Check: installed package size
Result: NOTE installed size is 115.6Mb sub-directories of 1Mb or more: libs 114.2Mb Flavors: r-oldrel-macos-arm64, r-oldrel-macos-x86_64, r-oldrel-windows-x86_64

Version: 1.0.10
Check: for GNU extensions in Makefiles
Result: NOTE GNU make is a SystemRequirements. Flavors: r-oldrel-macos-arm64, r-oldrel-macos-x86_64

These binaries (installable software) and packages are in development.
They may not be fully stable and should be used with caution. We make no claims about them.