CRAN Package Check Results for Package walkscore

Last updated on 2025-11-13 17:50:52 CET.

Flavor Version Tinstall Tcheck Ttotal Status Flags
r-devel-linux-x86_64-debian-clang 0.1.2 1.50 21.06 22.56 NOTE
r-devel-linux-x86_64-debian-gcc 0.1.2 1.39 17.81 19.20 NOTE
r-devel-linux-x86_64-fedora-clang 0.1.2 31.34 NOTE
r-devel-linux-x86_64-fedora-gcc 0.1.2 29.94 NOTE
r-devel-windows-x86_64 0.1.2 3.00 43.00 46.00 NOTE
r-patched-linux-x86_64 0.1.2 1.70 19.05 20.75 NOTE
r-release-linux-x86_64 0.1.2 1.65 19.01 20.66 NOTE
r-release-macos-arm64 0.1.2 1.00 14.00 15.00 NOTE
r-release-macos-x86_64 0.1.2 2.00 24.00 26.00 NOTE
r-release-windows-x86_64 0.1.2 4.00 42.00 46.00 NOTE
r-oldrel-macos-arm64 0.1.2 1.00 13.00 14.00 OK
r-oldrel-macos-x86_64 0.1.2 1.00 20.00 21.00 OK
r-oldrel-windows-x86_64 0.1.2 4.00 46.00 50.00 OK

Check Details

Version: 0.1.2
Check: DESCRIPTION meta-information
Result: NOTE Missing dependency on R >= 4.1.0 because package code uses the pipe |> or function shorthand \(...) syntax added in R 4.1.0. File(s) using such syntax: ‘walkscore.R’ Flavors: r-devel-linux-x86_64-debian-clang, r-devel-linux-x86_64-debian-gcc, r-devel-linux-x86_64-fedora-clang, r-devel-linux-x86_64-fedora-gcc, r-devel-windows-x86_64, r-patched-linux-x86_64, r-release-linux-x86_64, r-release-macos-arm64, r-release-macos-x86_64, r-release-windows-x86_64

These binaries (installable software) and packages are in development.
They may not be fully stable and should be used with caution. We make no claims about them.