Last updated on 2025-02-23 07:52:13 CET.
Flavor | Version | Tinstall | Tcheck | Ttotal | Status | Flags |
---|---|---|---|---|---|---|
r-devel-linux-x86_64-debian-clang | 0.1.2 | 1.62 | 17.78 | 19.40 | NOTE | |
r-devel-linux-x86_64-debian-gcc | 0.1.2 | 1.39 | 14.31 | 15.70 | NOTE | |
r-devel-linux-x86_64-fedora-clang | 0.1.2 | 32.05 | NOTE | |||
r-devel-linux-x86_64-fedora-gcc | 0.1.2 | 29.92 | NOTE | |||
r-devel-macos-arm64 | 0.1.2 | 14.00 | OK | |||
r-devel-macos-x86_64 | 0.1.2 | 26.00 | NOTE | |||
r-devel-windows-x86_64 | 0.1.2 | 3.00 | 44.00 | 47.00 | NOTE | |
r-patched-linux-x86_64 | 0.1.2 | 1.73 | 17.19 | 18.92 | OK | |
r-release-linux-x86_64 | 0.1.2 | 1.74 | 17.38 | 19.12 | OK | |
r-release-macos-arm64 | 0.1.2 | 14.00 | OK | |||
r-release-macos-x86_64 | 0.1.2 | 21.00 | OK | |||
r-release-windows-x86_64 | 0.1.2 | 4.00 | 44.00 | 48.00 | OK | |
r-oldrel-macos-arm64 | 0.1.2 | 17.00 | OK | |||
r-oldrel-macos-x86_64 | 0.1.2 | 19.00 | OK | |||
r-oldrel-windows-x86_64 | 0.1.2 | 4.00 | 45.00 | 49.00 | OK |
Version: 0.1.2
Check: DESCRIPTION meta-information
Result: NOTE
Missing dependency on R >= 4.1.0 because package code uses the pipe
|> or function shorthand \(...) syntax added in R 4.1.0.
File(s) using such syntax:
‘walkscore.R’
Flavors: r-devel-linux-x86_64-debian-clang, r-devel-linux-x86_64-debian-gcc, r-devel-linux-x86_64-fedora-clang, r-devel-linux-x86_64-fedora-gcc, r-devel-macos-x86_64, r-devel-windows-x86_64
These binaries (installable software) and packages are in development.
They may not be fully stable and should be used with caution. We make no claims about them.