CRAN Package Check Results for Package wallace

Last updated on 2025-07-26 00:49:21 CEST.

Flavor Version Tinstall Tcheck Ttotal Status Flags
r-devel-linux-x86_64-debian-clang 2.2.0 6.96 270.42 277.38 OK
r-devel-linux-x86_64-debian-gcc 2.2.0 4.36 197.31 201.67 OK
r-devel-linux-x86_64-fedora-clang 2.2.0 464.53 OK
r-devel-linux-x86_64-fedora-gcc 2.2.0 453.39 OK
r-devel-windows-x86_64 2.2.0 11.00 283.00 294.00 OK
r-patched-linux-x86_64 2.2.0 6.20 262.79 268.99 OK
r-release-linux-x86_64 2.2.0 6.48 261.22 267.70 OK
r-release-macos-arm64 2.2.0 4.00 ERROR
r-release-macos-x86_64 2.2.0 247.00 OK
r-release-windows-x86_64 2.2.0 11.00 276.00 287.00 OK
r-oldrel-macos-arm64 2.2.0 10.00 ERROR
r-oldrel-macos-x86_64 2.2.0 296.00 OK
r-oldrel-windows-x86_64 2.2.0 14.00 362.00 376.00 OK

Check Details

Version: 2.2.0
Check: package dependencies
Result: ERROR Package required and available but unsuitable version: ‘ENMeval’ See section ‘The DESCRIPTION file’ in the ‘Writing R Extensions’ manual. Flavors: r-release-macos-arm64, r-oldrel-macos-arm64

These binaries (installable software) and packages are in development.
They may not be fully stable and should be used with caution. We make no claims about them.