CRAN Package Check Results for Package wallace

Last updated on 2025-05-08 04:52:22 CEST.

Flavor Version Tinstall Tcheck Ttotal Status Flags
r-devel-linux-x86_64-debian-clang 2.2.0 6.62 271.43 278.05 OK
r-devel-linux-x86_64-debian-gcc 2.2.0 5.02 198.10 203.12 OK
r-devel-linux-x86_64-fedora-clang 2.2.0 452.79 OK
r-devel-linux-x86_64-fedora-gcc 2.2.0 449.40 OK
r-devel-windows-x86_64 2.2.0 11.00 285.00 296.00 OK
r-patched-linux-x86_64 2.2.0 7.97 263.28 271.25 OK
r-release-linux-x86_64 2.2.0 6.09 255.99 262.08 OK
r-release-macos-arm64 2.2.0 4.00 FAIL
r-release-macos-x86_64 2.2.0 247.00 OK
r-release-windows-x86_64 2.2.0 11.00 284.00 295.00 OK
r-oldrel-macos-arm64 2.2.0 10.00 ERROR
r-oldrel-macos-x86_64 2.2.0 296.00 OK
r-oldrel-windows-x86_64 2.2.0 13.00 372.00 385.00 OK

Check Details

Version: 2.2.0
Check: package dependencies
Result: FAIL
Flavor: r-release-macos-arm64

Version: 2.2.0
Check: package dependencies
Result: ERROR Package required and available but unsuitable version: ‘ENMeval’ See section ‘The DESCRIPTION file’ in the ‘Writing R Extensions’ manual. Flavor: r-oldrel-macos-arm64

These binaries (installable software) and packages are in development.
They may not be fully stable and should be used with caution. We make no claims about them.