Last updated on 2025-05-08 04:52:22 CEST.
Flavor | Version | Tinstall | Tcheck | Ttotal | Status | Flags |
---|---|---|---|---|---|---|
r-devel-linux-x86_64-debian-clang | 1.0.10 | 8.82 | 92.36 | 101.18 | NOTE | |
r-devel-linux-x86_64-debian-gcc | 1.0.10 | 6.13 | 67.93 | 74.06 | NOTE | |
r-devel-linux-x86_64-fedora-clang | 1.0.10 | 160.40 | OK | |||
r-devel-linux-x86_64-fedora-gcc | 1.0.10 | 149.27 | OK | |||
r-devel-windows-x86_64 | 1.0.10 | 10.00 | 96.00 | 106.00 | OK | |
r-patched-linux-x86_64 | 1.0.10 | 8.20 | 88.46 | 96.66 | OK | |
r-release-linux-x86_64 | 1.0.10 | 8.18 | 87.16 | 95.34 | OK | |
r-release-macos-arm64 | 1.0.10 | 51.00 | OK | |||
r-release-macos-x86_64 | 1.0.10 | 81.00 | OK | |||
r-release-windows-x86_64 | 1.0.10 | 10.00 | 98.00 | 108.00 | OK | |
r-oldrel-macos-arm64 | 1.0.10 | 47.00 | OK | |||
r-oldrel-macos-x86_64 | 1.0.10 | 83.00 | OK | |||
r-oldrel-windows-x86_64 | 1.0.10 | 13.00 | 119.00 | 132.00 | OK |
Version: 1.0.10
Check: CRAN incoming feasibility
Result: NOTE
Maintainer: ‘Paul F. Blanche <paulfblanche@gmail.com>’
No Authors@R field in DESCRIPTION.
Please add one, modifying
Authors@R: c(person(given = c("Paul", "F"),
family = "Blanche",
role = "aut",
email = "paulfblanche@gmail.com"),
person(given = c("Thomas", "A."),
family = "Gerds",
role = "aut",
email = "tag@biostat.ku.dk"),
person(given = c("Paul", "F."),
family = "Blanche",
role = "cre",
email = "paulfblanche@gmail.com"))
as necessary.
Flavors: r-devel-linux-x86_64-debian-clang, r-devel-linux-x86_64-debian-gcc
These binaries (installable software) and packages are in development.
They may not be fully stable and should be used with caution. We make no claims about them.