CRAN Package Check Results for Package walmartAPI

Last updated on 2025-10-03 17:48:51 CEST.

Flavor Version Tinstall Tcheck Ttotal Status Flags
r-devel-linux-x86_64-debian-clang 0.1.5 1.83 21.56 23.39 OK
r-devel-linux-x86_64-debian-gcc 0.1.5 1.41 17.40 18.81 OK
r-devel-linux-x86_64-fedora-clang 0.1.5 32.39 OK
r-devel-linux-x86_64-fedora-gcc 0.1.5 31.14 OK
r-devel-windows-x86_64 0.1.5 5.00 42.00 47.00 OK
r-patched-linux-x86_64 0.1.5 2.10 19.38 21.48 OK
r-release-linux-x86_64 0.1.5 1.69 19.17 20.86 OK
r-release-macos-arm64 0.1.5 15.00 OK
r-release-macos-x86_64 0.1.5 23.00 OK
r-release-windows-x86_64 0.1.5 3.00 41.00 44.00 OK
r-oldrel-macos-arm64 0.1.5 14.00 NOTE
r-oldrel-macos-x86_64 0.1.5 21.00 NOTE
r-oldrel-windows-x86_64 0.1.5 4.00 48.00 52.00 NOTE

Check Details

Version: 0.1.5
Check: LazyData
Result: NOTE 'LazyData' is specified without a 'data' directory Flavors: r-oldrel-macos-arm64, r-oldrel-macos-x86_64, r-oldrel-windows-x86_64

These binaries (installable software) and packages are in development.
They may not be fully stable and should be used with caution. We make no claims about them.