CRAN Package Check Results for Package walmartAPI

Last updated on 2025-02-16 08:51:05 CET.

Flavor Version Tinstall Tcheck Ttotal Status Flags
r-devel-linux-x86_64-debian-clang 0.1.5 1.73 18.28 20.01 OK
r-devel-linux-x86_64-debian-gcc 0.1.5 1.51 14.46 15.97 OK
r-devel-linux-x86_64-fedora-clang 0.1.5 32.68 OK
r-devel-linux-x86_64-fedora-gcc 0.1.5 31.10 OK
r-devel-macos-arm64 0.1.5 15.00 OK
r-devel-macos-x86_64 0.1.5 24.00 OK
r-devel-windows-x86_64 0.1.5 3.00 42.00 45.00 OK
r-patched-linux-x86_64 0.1.5 1.94 17.52 19.46 NOTE
r-release-linux-x86_64 0.1.5 1.68 17.71 19.39 NOTE
r-release-macos-arm64 0.1.5 14.00 NOTE
r-release-macos-x86_64 0.1.5 21.00 NOTE
r-release-windows-x86_64 0.1.5 4.00 43.00 47.00 NOTE
r-oldrel-macos-arm64 0.1.5 15.00 NOTE
r-oldrel-macos-x86_64 0.1.5 19.00 NOTE
r-oldrel-windows-x86_64 0.1.5 4.00 70.00 74.00 NOTE

Check Details

Version: 0.1.5
Check: LazyData
Result: NOTE 'LazyData' is specified without a 'data' directory Flavors: r-patched-linux-x86_64, r-release-linux-x86_64, r-release-macos-arm64, r-release-macos-x86_64, r-release-windows-x86_64, r-oldrel-macos-arm64, r-oldrel-macos-x86_64, r-oldrel-windows-x86_64

These binaries (installable software) and packages are in development.
They may not be fully stable and should be used with caution. We make no claims about them.