CRAN Package Check Results for Package walrus

Last updated on 2025-07-04 11:50:42 CEST.

Flavor Version Tinstall Tcheck Ttotal Status Flags
r-devel-linux-x86_64-debian-clang 1.0.5 15.73 31.66 47.39 NOTE
r-devel-linux-x86_64-debian-gcc 1.0.5 10.79 24.58 35.37 NOTE
r-devel-linux-x86_64-fedora-clang 1.0.5 75.31 NOTE
r-devel-linux-x86_64-fedora-gcc 1.0.5 71.72 NOTE
r-devel-windows-x86_64 1.0.5 16.00 51.00 67.00 OK
r-patched-linux-x86_64 1.0.5 15.52 29.67 45.19 OK
r-release-linux-x86_64 1.0.5 15.92 29.34 45.26 OK
r-release-macos-arm64 1.0.5 24.00 OK
r-release-macos-x86_64 1.0.5 44.00 OK
r-release-windows-x86_64 1.0.5 17.00 51.00 68.00 OK
r-oldrel-macos-arm64 1.0.5 23.00 OK
r-oldrel-macos-x86_64 1.0.5 36.00 OK
r-oldrel-windows-x86_64 1.0.5 21.00 58.00 79.00 OK

Check Details

Version: 1.0.5
Check: CRAN incoming feasibility
Result: NOTE Maintainer: ‘Jonathon Love <jon@thon.cc>’ No Authors@R field in DESCRIPTION. Please add one, modifying Authors@R: c(person(given = "Jonathon", family = "Love", role = c("aut", "cre"), email = "jon@thon.cc"), person(given = "Patrick", family = "Mair", role = "aut")) as necessary. Flavors: r-devel-linux-x86_64-debian-clang, r-devel-linux-x86_64-debian-gcc

Version: 1.0.5
Check: dependencies in R code
Result: NOTE Namespaces in Imports field not imported from: ‘R6’ ‘WRS2’ ‘ggplot2’ All declared Imports should be used. Flavors: r-devel-linux-x86_64-fedora-clang, r-devel-linux-x86_64-fedora-gcc

These binaries (installable software) and packages are in development.
They may not be fully stable and should be used with caution. We make no claims about them.