Last updated on 2025-02-07 08:51:38 CET.
Flavor | Version | Tinstall | Tcheck | Ttotal | Status | Flags |
---|---|---|---|---|---|---|
r-devel-linux-x86_64-debian-clang | 1.0.5 | 15.35 | 30.27 | 45.62 | OK | |
r-devel-linux-x86_64-debian-gcc | 1.0.5 | 9.09 | 23.83 | 32.92 | OK | |
r-devel-linux-x86_64-fedora-clang | 1.0.5 | 75.77 | NOTE | |||
r-devel-linux-x86_64-fedora-gcc | 1.0.5 | 71.90 | NOTE | |||
r-devel-windows-x86_64 | 1.0.5 | 16.00 | 52.00 | 68.00 | OK | |
r-patched-linux-x86_64 | 1.0.5 | 13.99 | 28.24 | 42.23 | OK | |
r-release-linux-x86_64 | 1.0.5 | 14.28 | 28.68 | 42.96 | OK | |
r-release-macos-arm64 | 1.0.5 | 23.00 | OK | |||
r-release-macos-x86_64 | 1.0.5 | 36.00 | OK | |||
r-release-windows-x86_64 | 1.0.5 | 16.00 | 50.00 | 66.00 | OK | |
r-oldrel-macos-arm64 | 1.0.5 | 27.00 | OK | |||
r-oldrel-macos-x86_64 | 1.0.5 | 38.00 | OK | |||
r-oldrel-windows-x86_64 | 1.0.5 | 18.00 | 56.00 | 74.00 | OK |
Version: 1.0.5
Check: dependencies in R code
Result: NOTE
Namespaces in Imports field not imported from:
‘R6’ ‘WRS2’ ‘ggplot2’
All declared Imports should be used.
Flavors: r-devel-linux-x86_64-fedora-clang, r-devel-linux-x86_64-fedora-gcc
These binaries (installable software) and packages are in development.
They may not be fully stable and should be used with caution. We make no claims about them.