Last updated on 2025-05-23 01:51:16 CEST.
Flavor | Version | Tinstall | Tcheck | Ttotal | Status | Flags |
---|---|---|---|---|---|---|
r-devel-linux-x86_64-debian-clang | 1.0.5 | 16.00 | 31.68 | 47.68 | NOTE | |
r-devel-linux-x86_64-debian-gcc | 1.0.5 | 9.20 | 23.48 | 32.68 | NOTE | |
r-devel-linux-x86_64-fedora-clang | 1.0.5 | 74.46 | NOTE | |||
r-devel-linux-x86_64-fedora-gcc | 1.0.5 | 74.00 | NOTE | |||
r-devel-windows-x86_64 | 1.0.5 | 19.00 | 53.00 | 72.00 | OK | |
r-patched-linux-x86_64 | 1.0.5 | 14.18 | 29.56 | 43.74 | OK | |
r-release-linux-x86_64 | 1.0.5 | 14.37 | 29.35 | 43.72 | OK | |
r-release-macos-arm64 | 1.0.5 | 24.00 | OK | |||
r-release-macos-x86_64 | 1.0.5 | 44.00 | OK | |||
r-release-windows-x86_64 | 1.0.5 | 18.00 | 52.00 | 70.00 | OK | |
r-oldrel-macos-arm64 | 1.0.5 | 23.00 | OK | |||
r-oldrel-macos-x86_64 | 1.0.5 | 36.00 | OK | |||
r-oldrel-windows-x86_64 | 1.0.5 | 22.00 | 56.00 | 78.00 | OK |
Version: 1.0.5
Check: CRAN incoming feasibility
Result: NOTE
Maintainer: ‘Jonathon Love <jon@thon.cc>’
No Authors@R field in DESCRIPTION.
Please add one, modifying
Authors@R: c(person(given = "Jonathon",
family = "Love",
role = c("aut", "cre"),
email = "jon@thon.cc"),
person(given = "Patrick",
family = "Mair",
role = "aut"))
as necessary.
Flavors: r-devel-linux-x86_64-debian-clang, r-devel-linux-x86_64-debian-gcc
Version: 1.0.5
Check: dependencies in R code
Result: NOTE
Namespaces in Imports field not imported from:
‘R6’ ‘WRS2’ ‘ggplot2’
All declared Imports should be used.
Flavors: r-devel-linux-x86_64-fedora-clang, r-devel-linux-x86_64-fedora-gcc
These binaries (installable software) and packages are in development.
They may not be fully stable and should be used with caution. We make no claims about them.