Last updated on 2025-05-01 14:49:26 CEST.
Flavor | Version | Tinstall | Tcheck | Ttotal | Status | Flags |
---|---|---|---|---|---|---|
r-devel-linux-x86_64-debian-clang | 0.1.0 | 12.65 | 93.21 | 105.86 | NOTE | |
r-devel-linux-x86_64-debian-gcc | 0.1.0 | 7.47 | 67.40 | 74.87 | NOTE | |
r-devel-linux-x86_64-fedora-clang | 0.1.0 | 167.25 | NOTE | |||
r-devel-linux-x86_64-fedora-gcc | 0.1.0 | 155.83 | NOTE | |||
r-devel-windows-x86_64 | 0.1.0 | 12.00 | 93.00 | 105.00 | OK | |
r-patched-linux-x86_64 | 0.1.0 | 10.77 | 89.19 | 99.96 | OK | |
r-release-linux-x86_64 | OK | |||||
r-release-macos-arm64 | 0.1.0 | 44.00 | OK | |||
r-release-macos-x86_64 | 0.1.0 | 84.00 | OK | |||
r-release-windows-x86_64 | 0.1.0 | 12.00 | 93.00 | 105.00 | OK | |
r-oldrel-macos-arm64 | 0.1.0 | 47.00 | NOTE | |||
r-oldrel-macos-x86_64 | 0.1.0 | 68.00 | NOTE | |||
r-oldrel-windows-x86_64 | 0.1.0 | 15.00 | 117.00 | 132.00 | NOTE |
Version: 0.1.0
Check: CRAN incoming feasibility
Result: NOTE
Maintainer: ‘Emilie Devijver <emilie.devijver@kuleuven.be>’
No Authors@R field in DESCRIPTION.
Please add one, modifying
Authors@R: c(person(given = "Emilie",
family = "Devijver",
role = c("aut", "cre"),
email = "emilie.devijver@kuleuven.be"),
person(given = "Gerda",
family = "Claeskens",
role = "aut"),
person(given = "Irene",
family = "Gijbels",
role = "aut"))
as necessary.
Flavors: r-devel-linux-x86_64-debian-clang, r-devel-linux-x86_64-debian-gcc
Version: 0.1.0
Check: examples
Result: NOTE
Examples with CPU (user + system) or elapsed time > 5s
user system elapsed
warpMix 4.644 0.056 5.593
Flavor: r-devel-linux-x86_64-debian-clang
Version: 0.1.0
Check: dependencies in R code
Result: NOTE
Namespace in Imports field not imported from: ‘nlme’
All declared Imports should be used.
Flavors: r-devel-linux-x86_64-fedora-clang, r-devel-linux-x86_64-fedora-gcc
Version: 0.1.0
Check: LazyData
Result: NOTE
'LazyData' is specified without a 'data' directory
Flavors: r-oldrel-macos-arm64, r-oldrel-macos-x86_64, r-oldrel-windows-x86_64
These binaries (installable software) and packages are in development.
They may not be fully stable and should be used with caution. We make no claims about them.