CRAN Package Check Results for Package washeR

Last updated on 2025-11-11 17:50:17 CET.

Flavor Version Tinstall Tcheck Ttotal Status Flags
r-devel-linux-x86_64-debian-clang 0.1.3 1.99 23.63 25.62 NOTE
r-devel-linux-x86_64-debian-gcc 0.1.3 1.62 18.43 20.05 NOTE
r-devel-linux-x86_64-fedora-clang 0.1.3 38.77 OK
r-devel-linux-x86_64-fedora-gcc 0.1.3 35.66 OK
r-devel-windows-x86_64 0.1.3 3.00 45.00 48.00 OK
r-patched-linux-x86_64 0.1.3 1.89 22.73 24.62 OK
r-release-linux-x86_64 0.1.3 1.79 22.25 24.04 OK
r-release-macos-arm64 0.1.3 1.00 16.00 17.00 OK
r-release-macos-x86_64 0.1.3 2.00 27.00 29.00 OK
r-release-windows-x86_64 0.1.3 3.00 46.00 49.00 OK
r-oldrel-macos-arm64 0.1.3 1.00 15.00 16.00 OK
r-oldrel-macos-x86_64 0.1.3 2.00 27.00 29.00 OK
r-oldrel-windows-x86_64 0.1.3 4.00 50.00 54.00 OK

Check Details

Version: 0.1.3
Check: CRAN incoming feasibility
Result: NOTE Maintainer: ‘Andrea Venturini <andrea.venturini@bancaditalia.it>’ No Authors@R field in DESCRIPTION. Please add one, modifying Authors@R: person(given = "Andrea", family = "Venturini", role = c("aut", "cre"), email = "andrea.venturini@bancaditalia.it") as necessary. Flavors: r-devel-linux-x86_64-debian-clang, r-devel-linux-x86_64-debian-gcc

These binaries (installable software) and packages are in development.
They may not be fully stable and should be used with caution. We make no claims about them.