Last updated on 2025-02-16 08:51:05 CET.
Flavor | Version | Tinstall | Tcheck | Ttotal | Status | Flags |
---|---|---|---|---|---|---|
r-devel-linux-x86_64-debian-clang | 0.2.0 | 4.55 | 44.92 | 49.47 | NOTE | |
r-devel-linux-x86_64-debian-gcc | 0.2.0 | 3.47 | 33.14 | 36.61 | NOTE | |
r-devel-linux-x86_64-fedora-clang | 0.2.0 | 81.01 | NOTE | |||
r-devel-linux-x86_64-fedora-gcc | 0.2.0 | 75.18 | NOTE | |||
r-devel-macos-arm64 | 0.2.0 | 26.00 | OK | |||
r-devel-macos-x86_64 | 0.2.0 | 48.00 | NOTE | |||
r-devel-windows-x86_64 | 0.2.0 | 8.00 | 63.00 | 71.00 | NOTE | |
r-patched-linux-x86_64 | 0.2.0 | 4.81 | 42.14 | 46.95 | OK | |
r-release-linux-x86_64 | 0.2.0 | 4.84 | 41.63 | 46.47 | OK | |
r-release-macos-arm64 | 0.2.0 | 24.00 | OK | |||
r-release-macos-x86_64 | 0.2.0 | 39.00 | OK | |||
r-release-windows-x86_64 | 0.2.0 | 8.00 | 63.00 | 71.00 | OK | |
r-oldrel-macos-arm64 | 0.2.0 | 36.00 | OK | |||
r-oldrel-macos-x86_64 | 0.2.0 | 52.00 | OK | |||
r-oldrel-windows-x86_64 | 0.2.0 | 9.00 | 96.00 | 105.00 | OK |
Version: 0.2.0
Check: DESCRIPTION meta-information
Result: NOTE
Missing dependency on R >= 4.1.0 because package code uses the pipe
|> or function shorthand \(...) syntax added in R 4.1.0.
File(s) using such syntax:
‘flextable.R’
Flavors: r-devel-linux-x86_64-debian-clang, r-devel-linux-x86_64-debian-gcc, r-devel-linux-x86_64-fedora-clang, r-devel-linux-x86_64-fedora-gcc, r-devel-macos-x86_64, r-devel-windows-x86_64
These binaries (installable software) and packages are in development.
They may not be fully stable and should be used with caution. We make no claims about them.