Last updated on 2025-02-07 08:51:38 CET.
Flavor | Version | Tinstall | Tcheck | Ttotal | Status | Flags |
---|---|---|---|---|---|---|
r-devel-linux-x86_64-debian-clang | 1.0.8 | 5.47 | 61.58 | 67.05 | NOTE | |
r-devel-linux-x86_64-debian-gcc | 1.0.8 | 4.02 | 47.16 | 51.18 | NOTE | |
r-devel-linux-x86_64-fedora-clang | 1.0.8 | 107.23 | OK | |||
r-devel-linux-x86_64-fedora-gcc | 1.0.8 | 116.22 | OK | |||
r-devel-windows-x86_64 | 1.0.8 | 7.00 | 93.00 | 100.00 | NOTE | |
r-patched-linux-x86_64 | 1.0.8 | 4.92 | 57.84 | 62.76 | OK | |
r-release-linux-x86_64 | 1.0.8 | 5.07 | 58.53 | 63.60 | OK | |
r-release-macos-arm64 | 1.0.8 | 40.00 | OK | |||
r-release-macos-x86_64 | 1.0.8 | 62.00 | OK | |||
r-release-windows-x86_64 | 1.0.8 | 8.00 | 95.00 | 103.00 | OK | |
r-oldrel-macos-arm64 | 1.0.8 | 56.00 | OK | |||
r-oldrel-macos-x86_64 | 1.0.8 | 62.00 | OK | |||
r-oldrel-windows-x86_64 | 1.0.8 | 8.00 | 101.00 | 109.00 | OK |
Version: 1.0.8
Check: Rd cross-references
Result: NOTE
Found the following Rd file(s) with Rd \link{} targets missing package
anchors:
plotParam.Rd: xyplot
Please provide package anchors for all Rd \link{} targets not in the
package itself and the base packages.
Flavors: r-devel-linux-x86_64-debian-clang, r-devel-linux-x86_64-debian-gcc, r-devel-windows-x86_64
These binaries (installable software) and packages are in development.
They may not be fully stable and should be used with caution. We make no claims about them.