CRAN Package Check Results for Package waterfall

Last updated on 2025-02-16 08:51:05 CET.

Flavor Version Tinstall Tcheck Ttotal Status Flags
r-devel-linux-x86_64-debian-clang 1.0.2 1.81 19.77 21.58 NOTE
r-devel-linux-x86_64-debian-gcc 1.0.2 1.52 15.63 17.15 NOTE
r-devel-linux-x86_64-fedora-clang 1.0.2 35.46 OK
r-devel-linux-x86_64-fedora-gcc 1.0.2 33.83 OK
r-devel-macos-arm64 1.0.2 18.00 OK
r-devel-macos-x86_64 1.0.2 27.00 OK
r-devel-windows-x86_64 1.0.2 4.00 42.00 46.00 NOTE
r-patched-linux-x86_64 1.0.2 1.63 18.87 20.50 OK
r-release-linux-x86_64 1.0.2 1.93 19.03 20.96 OK
r-release-macos-arm64 1.0.2 16.00 OK
r-release-macos-x86_64 1.0.2 31.00 OK
r-release-windows-x86_64 1.0.2 3.00 44.00 47.00 OK
r-oldrel-macos-arm64 1.0.2 17.00 OK
r-oldrel-macos-x86_64 1.0.2 21.00 OK
r-oldrel-windows-x86_64 1.0.2 3.00 47.00 50.00 OK

Check Details

Version: 1.0.2
Check: Rd cross-references
Result: NOTE Found the following Rd file(s) with Rd \link{} targets missing package anchors: waterfallchart.Rd: barchart, bwplot Please provide package anchors for all Rd \link{} targets not in the package itself and the base packages. Flavors: r-devel-linux-x86_64-debian-clang, r-devel-linux-x86_64-debian-gcc, r-devel-windows-x86_64

These binaries (installable software) and packages are in development.
They may not be fully stable and should be used with caution. We make no claims about them.