CRAN Package Check Results for Package waterfalls

Last updated on 2025-05-07 15:49:34 CEST.

Flavor Version Tinstall Tcheck Ttotal Status Flags
r-devel-linux-x86_64-debian-clang 1.0.0 1.90 20.56 22.46 NOTE
r-devel-linux-x86_64-debian-gcc 1.0.0 1.44 15.79 17.23 NOTE
r-devel-linux-x86_64-fedora-clang 1.0.0 34.42 OK
r-devel-linux-x86_64-fedora-gcc 1.0.0 33.36 OK
r-devel-windows-x86_64 1.0.0 4.00 40.00 44.00 OK
r-patched-linux-x86_64 1.0.0 1.48 19.45 20.93 OK
r-release-linux-x86_64 1.0.0 1.55 19.80 21.35 OK
r-release-macos-arm64 1.0.0 16.00 OK
r-release-macos-x86_64 1.0.0 25.00 OK
r-release-windows-x86_64 1.0.0 3.00 41.00 44.00 OK
r-oldrel-macos-arm64 1.0.0 16.00 OK
r-oldrel-macos-x86_64 1.0.0 22.00 OK
r-oldrel-windows-x86_64 1.0.0 4.00 44.00 48.00 OK

Check Details

Version: 1.0.0
Check: CRAN incoming feasibility
Result: NOTE Maintainer: ‘Hugh Parsonage <hugh.parsonage+waterfall@gmail.com>’ No Authors@R field in DESCRIPTION. Please add one, modifying Authors@R: person(given = "Hugh", family = "Parsonage", role = c("aut", "cre"), email = "hugh.parsonage+waterfall@gmail.com") as necessary. Flavors: r-devel-linux-x86_64-debian-clang, r-devel-linux-x86_64-debian-gcc

These binaries (installable software) and packages are in development.
They may not be fully stable and should be used with caution. We make no claims about them.