Last updated on 2025-05-01 08:52:49 CEST.
Flavor | Version | Tinstall | Tcheck | Ttotal | Status | Flags |
---|---|---|---|---|---|---|
r-devel-linux-x86_64-debian-clang | 0.6 | 52.33 | 37.98 | 90.31 | OK | |
r-devel-linux-x86_64-debian-gcc | 0.6 | 40.32 | 29.24 | 69.56 | OK | |
r-devel-linux-x86_64-fedora-clang | 0.6 | 164.94 | OK | |||
r-devel-linux-x86_64-fedora-gcc | 0.6 | 167.51 | OK | |||
r-devel-windows-x86_64 | 0.6 | 63.00 | 77.00 | 140.00 | OK | |
r-patched-linux-x86_64 | 0.6 | 59.51 | 41.16 | 100.67 | OK | |
r-release-linux-x86_64 | OK | |||||
r-release-macos-arm64 | 0.6 | 43.00 | OK | |||
r-release-macos-x86_64 | 0.6 | 68.00 | OK | |||
r-release-windows-x86_64 | 0.6 | 64.00 | 84.00 | 148.00 | OK | |
r-oldrel-macos-arm64 | 0.6 | 48.00 | NOTE | |||
r-oldrel-macos-x86_64 | 0.6 | 114.00 | NOTE | |||
r-oldrel-windows-x86_64 | 0.6 | 67.00 | 94.00 | 161.00 | OK |
Version: 0.6
Check: installed package size
Result: NOTE
installed size is 5.7Mb
sub-directories of 1Mb or more:
libs 5.6Mb
Flavors: r-oldrel-macos-arm64, r-oldrel-macos-x86_64
These binaries (installable software) and packages are in development.
They may not be fully stable and should be used with caution. We make no claims about them.