CRAN Package Check Results for Package watson

Last updated on 2025-07-04 11:50:42 CEST.

Flavor Version Tinstall Tcheck Ttotal Status Flags
r-devel-linux-x86_64-debian-clang 0.6 55.16 38.30 93.46 OK
r-devel-linux-x86_64-debian-gcc 0.6 42.13 30.04 72.17 OK
r-devel-linux-x86_64-fedora-clang 0.6 162.08 OK
r-devel-linux-x86_64-fedora-gcc 0.6 163.89 OK
r-devel-windows-x86_64 0.6 62.00 77.00 139.00 OK
r-patched-linux-x86_64 0.6 55.43 39.98 95.41 OK
r-release-linux-x86_64 0.6 54.66 47.41 102.07 OK
r-release-macos-arm64 0.6 43.00 OK
r-release-macos-x86_64 0.6 68.00 OK
r-release-windows-x86_64 0.6 63.00 78.00 141.00 OK
r-oldrel-macos-arm64 0.6 48.00 NOTE
r-oldrel-macos-x86_64 0.6 114.00 NOTE
r-oldrel-windows-x86_64 0.6 73.00 88.00 161.00 OK

Check Details

Version: 0.6
Check: installed package size
Result: NOTE installed size is 5.7Mb sub-directories of 1Mb or more: libs 5.6Mb Flavors: r-oldrel-macos-arm64, r-oldrel-macos-x86_64

These binaries (installable software) and packages are in development.
They may not be fully stable and should be used with caution. We make no claims about them.