CRAN Package Check Results for Package wav

Last updated on 2025-07-27 09:50:38 CEST.

Flavor Version Tinstall Tcheck Ttotal Status Flags
r-devel-linux-x86_64-debian-clang 0.1.0 12.07 25.63 37.70 NOTE
r-devel-linux-x86_64-debian-gcc 0.1.0 9.16 21.07 30.23 NOTE
r-devel-linux-x86_64-fedora-clang 0.1.0 62.15 NOTE
r-devel-linux-x86_64-fedora-gcc 0.1.0 57.39 NOTE
r-devel-windows-x86_64 0.1.0 17.00 74.00 91.00 NOTE
r-patched-linux-x86_64 0.1.0 12.83 23.41 36.24 NOTE
r-release-linux-x86_64 0.1.0 12.55 23.20 35.75 NOTE
r-release-macos-arm64 0.1.0 22.00 NOTE
r-release-macos-x86_64 0.1.0 38.00 NOTE
r-release-windows-x86_64 0.1.0 16.00 64.00 80.00 NOTE
r-oldrel-macos-arm64 0.1.0 22.00 NOTE
r-oldrel-macos-x86_64 0.1.0 51.00 NOTE
r-oldrel-windows-x86_64 0.1.0 14.00 73.00 87.00 NOTE

Check Details

Version: 0.1.0
Check: C++ specification
Result: NOTE Specified C++11: please drop specification unless essential Flavors: r-devel-linux-x86_64-debian-clang, r-devel-linux-x86_64-debian-gcc, r-devel-linux-x86_64-fedora-clang, r-devel-linux-x86_64-fedora-gcc, r-devel-windows-x86_64, r-patched-linux-x86_64, r-release-linux-x86_64, r-release-macos-arm64, r-release-macos-x86_64, r-release-windows-x86_64, r-oldrel-macos-arm64, r-oldrel-macos-x86_64, r-oldrel-windows-x86_64

These binaries (installable software) and packages are in development.
They may not be fully stable and should be used with caution. We make no claims about them.