Last updated on 2025-10-23 15:50:17 CEST.
| Flavor | Version | Tinstall | Tcheck | Ttotal | Status | Flags |
|---|---|---|---|---|---|---|
| r-devel-linux-x86_64-debian-clang | 0.1.0 | 12.42 | 26.82 | 39.24 | NOTE | |
| r-devel-linux-x86_64-debian-gcc | 0.1.0 | 9.01 | 21.98 | 30.99 | NOTE | |
| r-devel-linux-x86_64-fedora-clang | 0.1.0 | 97.00 | -31.32 | 65.68 | NOTE | |
| r-devel-linux-x86_64-fedora-gcc | 0.1.0 | 29.00 | 31.22 | 60.22 | NOTE | |
| r-devel-windows-x86_64 | 0.1.0 | 15.00 | 60.00 | 75.00 | NOTE | |
| r-patched-linux-x86_64 | 0.1.0 | 12.92 | 24.28 | 37.20 | NOTE | |
| r-release-linux-x86_64 | 0.1.0 | 12.52 | 24.33 | 36.85 | NOTE | |
| r-release-macos-arm64 | 0.1.0 | 6.00 | 16.00 | 22.00 | NOTE | |
| r-release-macos-x86_64 | 0.1.0 | 10.00 | 28.00 | 38.00 | NOTE | |
| r-release-windows-x86_64 | 0.1.0 | 15.00 | 64.00 | 79.00 | NOTE | |
| r-oldrel-macos-arm64 | 0.1.0 | 7.00 | 15.00 | 22.00 | NOTE | |
| r-oldrel-macos-x86_64 | 0.1.0 | 18.00 | 33.00 | 51.00 | NOTE | |
| r-oldrel-windows-x86_64 | 0.1.0 | 14.00 | 75.00 | 89.00 | NOTE |
Version: 0.1.0
Check: C++ specification
Result: NOTE
Specified C++11: please drop specification unless essential
Flavors: r-devel-linux-x86_64-debian-clang, r-devel-linux-x86_64-debian-gcc, r-devel-linux-x86_64-fedora-clang, r-devel-linux-x86_64-fedora-gcc, r-devel-windows-x86_64, r-patched-linux-x86_64, r-release-linux-x86_64, r-release-macos-arm64, r-release-macos-x86_64, r-release-windows-x86_64, r-oldrel-macos-arm64, r-oldrel-macos-x86_64, r-oldrel-windows-x86_64
These binaries (installable software) and packages are in development.
They may not be fully stable and should be used with caution. We make no claims about them.