Last updated on 2025-11-12 23:51:04 CET.
| Flavor | Version | Tinstall | Tcheck | Ttotal | Status | Flags |
|---|---|---|---|---|---|---|
| r-devel-linux-x86_64-debian-clang | 0.1.0 | 13.18 | 26.92 | 40.10 | NOTE | |
| r-devel-linux-x86_64-debian-gcc | 0.1.0 | 9.49 | 21.71 | 31.20 | NOTE | |
| r-devel-linux-x86_64-fedora-clang | 0.1.0 | 23.00 | 39.42 | 62.42 | NOTE | |
| r-devel-linux-x86_64-fedora-gcc | 0.1.0 | 26.00 | 33.77 | 59.77 | NOTE | |
| r-devel-windows-x86_64 | 0.1.0 | 16.00 | 58.00 | 74.00 | NOTE | |
| r-patched-linux-x86_64 | 0.1.0 | 13.14 | 24.48 | 37.62 | NOTE | |
| r-release-linux-x86_64 | 0.1.0 | 12.72 | 24.27 | 36.99 | NOTE | |
| r-release-macos-arm64 | 0.1.0 | 6.00 | 16.00 | 22.00 | NOTE | |
| r-release-macos-x86_64 | 0.1.0 | 10.00 | 28.00 | 38.00 | NOTE | |
| r-release-windows-x86_64 | 0.1.0 | 15.00 | 62.00 | 77.00 | NOTE | |
| r-oldrel-macos-arm64 | 0.1.0 | 7.00 | 15.00 | 22.00 | NOTE | |
| r-oldrel-macos-x86_64 | 0.1.0 | 18.00 | 33.00 | 51.00 | NOTE | |
| r-oldrel-windows-x86_64 | 0.1.0 | 18.00 | 71.00 | 89.00 | NOTE |
Version: 0.1.0
Check: C++ specification
Result: NOTE
Specified C++11: please drop specification unless essential
Flavors: r-devel-linux-x86_64-debian-clang, r-devel-linux-x86_64-debian-gcc, r-devel-linux-x86_64-fedora-clang, r-devel-linux-x86_64-fedora-gcc, r-devel-windows-x86_64, r-patched-linux-x86_64, r-release-linux-x86_64, r-release-macos-arm64, r-release-macos-x86_64, r-release-windows-x86_64, r-oldrel-macos-arm64, r-oldrel-macos-x86_64, r-oldrel-windows-x86_64
These binaries (installable software) and packages are in development.
They may not be fully stable and should be used with caution. We make no claims about them.