CRAN Package Check Results for Package wavelets

Last updated on 2025-05-01 14:49:26 CEST.

Flavor Version Tinstall Tcheck Ttotal Status Flags
r-devel-linux-x86_64-debian-clang 0.3-0.2 6.68 39.68 46.36 NOTE
r-devel-linux-x86_64-debian-gcc 0.3-0.2 4.69 28.57 33.26 NOTE
r-devel-linux-x86_64-fedora-clang 0.3-0.2 71.35 NOTE
r-devel-linux-x86_64-fedora-gcc 0.3-0.2 68.53 NOTE
r-devel-windows-x86_64 0.3-0.2 9.00 61.00 70.00 OK
r-patched-linux-x86_64 0.3-0.2 7.08 38.17 45.25 OK
r-release-linux-x86_64 OK
r-release-macos-arm64 0.3-0.2 24.00 OK
r-release-macos-x86_64 0.3-0.2 47.00 OK
r-release-windows-x86_64 0.3-0.2 11.00 66.00 77.00 OK
r-oldrel-macos-arm64 0.3-0.2 23.00 OK
r-oldrel-macos-x86_64 0.3-0.2 36.00 OK
r-oldrel-windows-x86_64 0.3-0.2 9.00 61.00 70.00 OK

Check Details

Version: 0.3-0.2
Check: CRAN incoming feasibility
Result: NOTE Maintainer: ‘Eric Aldrich <ealdrich@gmail.com>’ No Authors@R field in DESCRIPTION. Please add one, modifying Authors@R: person(given = "Eric", family = "Aldrich", role = c("aut", "cre"), email = "ealdrich@gmail.com") as necessary. Flavors: r-devel-linux-x86_64-debian-clang, r-devel-linux-x86_64-debian-gcc

Version: 0.3-0.2
Check: compiled code
Result: NOTE File ‘wavelets/libs/wavelets.so’: Found no calls to: ‘R_registerRoutines’, ‘R_useDynamicSymbols’ It is good practice to register native routines and to disable symbol search. See ‘Writing portable packages’ in the ‘Writing R Extensions’ manual. Flavors: r-devel-linux-x86_64-fedora-clang, r-devel-linux-x86_64-fedora-gcc

These binaries (installable software) and packages are in development.
They may not be fully stable and should be used with caution. We make no claims about them.