Last updated on 2025-10-23 15:50:17 CEST.
Flavor | Version | Tinstall | Tcheck | Ttotal | Status | Flags |
---|---|---|---|---|---|---|
r-devel-linux-x86_64-debian-clang | 0.6-3 | 5.73 | 49.28 | 55.01 | NOTE | |
r-devel-linux-x86_64-debian-gcc | 0.6-3 | 4.62 | 38.63 | 43.25 | OK | |
r-devel-linux-x86_64-fedora-clang | 0.6-3 | 20.00 | 65.88 | 85.88 | OK | |
r-devel-linux-x86_64-fedora-gcc | 0.6-3 | 12.00 | 79.32 | 91.32 | OK | |
r-devel-windows-x86_64 | 0.6-3 | 11.00 | 64.00 | 75.00 | OK | |
r-patched-linux-x86_64 | 0.6-3 | 5.78 | 47.66 | 53.44 | OK | |
r-release-linux-x86_64 | 0.6-3 | 5.36 | 47.96 | 53.32 | OK | |
r-release-macos-arm64 | 0.6-3 | 5.00 | 31.00 | 36.00 | OK | |
r-release-macos-x86_64 | 0.6-3 | 8.00 | 54.00 | 62.00 | OK | |
r-release-windows-x86_64 | 0.6-3 | 11.00 | 68.00 | 79.00 | OK | |
r-oldrel-macos-arm64 | 0.6-3 | 5.00 | 34.00 | 39.00 | OK | |
r-oldrel-macos-x86_64 | 0.6-3 | 8.00 | 55.00 | 63.00 | OK | |
r-oldrel-windows-x86_64 | 0.6-3 | 14.00 | 75.00 | 89.00 | OK |
Version: 0.6-3
Check: top-level files
Result: NOTE
Found the following validation problem for the NEWS.Rd HTML conversion:
NEWS.html:100:1 (inst/NEWS.Rd:48): Warning: <h4> anchor "BUG-FIXES" already defined
NEWS.html:117:1 (inst/NEWS.Rd:57): Warning: <h4> anchor "Misc" already defined
NEWS.html:136:1 (inst/NEWS.Rd:68): Warning: <h4> anchor "BUG-FIXES" already defined
Flavor: r-devel-linux-x86_64-debian-clang
These binaries (installable software) and packages are in development.
They may not be fully stable and should be used with caution. We make no claims about them.