Last updated on 2025-05-01 12:49:44 CEST.
Flavor | Version | Tinstall | Tcheck | Ttotal | Status | Flags |
---|---|---|---|---|---|---|
r-devel-linux-x86_64-debian-clang | 1.0.4 | 5.69 | 44.66 | 50.35 | NOTE | |
r-devel-linux-x86_64-debian-gcc | 1.0.4 | 3.80 | 34.23 | 38.03 | NOTE | |
r-devel-linux-x86_64-fedora-clang | 1.0.4 | 77.96 | OK | |||
r-devel-linux-x86_64-fedora-gcc | 1.0.4 | 88.21 | OK | |||
r-devel-windows-x86_64 | 1.0.4 | 9.00 | 73.00 | 82.00 | OK | |
r-patched-linux-x86_64 | 1.0.4 | 5.96 | 41.69 | 47.65 | OK | |
r-release-linux-x86_64 | OK | |||||
r-release-macos-arm64 | 1.0.4 | 33.00 | OK | |||
r-release-macos-x86_64 | 1.0.4 | 59.00 | OK | |||
r-release-windows-x86_64 | 1.0.4 | 10.00 | 79.00 | 89.00 | OK | |
r-oldrel-macos-arm64 | 1.0.4 | 34.00 | OK | |||
r-oldrel-macos-x86_64 | 1.0.4 | 52.00 | OK | |||
r-oldrel-windows-x86_64 | 1.0.4 | 9.00 | 78.00 | 87.00 | OK |
Version: 1.0.4
Check: CRAN incoming feasibility
Result: NOTE
Maintainer: ‘Jesse Piburn <piburnjo@ornl.gov>’
Package CITATION file contains call(s) to old-style personList() or
as.personList(). Please use c() on person objects instead.
Package CITATION file contains call(s) to old-style citEntry(). Please
use bibentry() instead.
Flavors: r-devel-linux-x86_64-debian-clang, r-devel-linux-x86_64-debian-gcc
These binaries (installable software) and packages are in development.
They may not be fully stable and should be used with caution. We make no claims about them.