Last updated on 2025-11-12 23:51:04 CET.
| Flavor | Version | Tinstall | Tcheck | Ttotal | Status | Flags |
|---|---|---|---|---|---|---|
| r-devel-linux-x86_64-debian-clang | 2.1 | 12.41 | 29.39 | 41.80 | NOTE | |
| r-devel-linux-x86_64-debian-gcc | 2.1 | 8.37 | 23.30 | 31.67 | NOTE | |
| r-devel-linux-x86_64-fedora-clang | 2.1 | 22.00 | 44.43 | 66.43 | OK | |
| r-devel-linux-x86_64-fedora-gcc | 2.1 | 28.00 | 36.01 | 64.01 | OK | |
| r-devel-windows-x86_64 | 2.1 | 15.00 | 66.00 | 81.00 | OK | |
| r-patched-linux-x86_64 | 2.1 | 12.89 | 28.32 | 41.21 | OK | |
| r-release-linux-x86_64 | 2.1 | 12.61 | 27.82 | 40.43 | OK | |
| r-release-macos-arm64 | 2.1 | 7.00 | 18.00 | 25.00 | OK | |
| r-release-macos-x86_64 | 2.1 | 10.00 | 39.00 | 49.00 | OK | |
| r-release-windows-x86_64 | 2.1 | 16.00 | 66.00 | 82.00 | OK | |
| r-oldrel-macos-arm64 | 2.1 | 6.00 | 20.00 | 26.00 | OK | |
| r-oldrel-macos-x86_64 | 2.1 | 11.00 | 25.00 | 36.00 | OK | |
| r-oldrel-windows-x86_64 | 2.1 | 15.00 | 78.00 | 93.00 | OK |
Version: 2.1
Check: CRAN incoming feasibility
Result: NOTE
Maintainer: ‘Karolos Korkas <kkorkas@yahoo.co.uk>’
No Authors@R field in DESCRIPTION.
Please add one, modifying
Authors@R: c(person(given = "Karolos",
family = "Korkas",
role = c("aut", "cre"),
email = "kkorkas@yahoo.co.uk"),
person(given = "Piotr",
family = "Fryzlewicz",
role = "aut"))
as necessary.
Flavors: r-devel-linux-x86_64-debian-clang, r-devel-linux-x86_64-debian-gcc
These binaries (installable software) and packages are in development.
They may not be fully stable and should be used with caution. We make no claims about them.