Last updated on 2025-05-01 12:49:44 CEST.
Flavor | Version | Tinstall | Tcheck | Ttotal | Status | Flags |
---|---|---|---|---|---|---|
r-devel-linux-x86_64-debian-clang | 0.1.5 | 24.93 | 233.39 | 258.32 | NOTE | |
r-devel-linux-x86_64-debian-gcc | 0.1.5 | 17.55 | 144.50 | 162.05 | NOTE | |
r-devel-linux-x86_64-fedora-clang | 0.1.5 | 405.48 | NOTE | |||
r-devel-linux-x86_64-fedora-gcc | 0.1.5 | 399.75 | NOTE | |||
r-devel-windows-x86_64 | 0.1.5 | 23.00 | 188.00 | 211.00 | NOTE | |
r-patched-linux-x86_64 | 0.1.5 | 24.88 | 216.53 | 241.41 | NOTE | |
r-release-linux-x86_64 | NOTE | |||||
r-release-macos-arm64 | 0.1.5 | 81.00 | OK | |||
r-release-macos-x86_64 | 0.1.5 | 148.00 | OK | |||
r-release-windows-x86_64 | 0.1.5 | 23.00 | 197.00 | 220.00 | NOTE | |
r-oldrel-macos-arm64 | 0.1.5 | 33.00 | OK | |||
r-oldrel-macos-x86_64 | 0.1.5 | 54.00 | OK | |||
r-oldrel-windows-x86_64 | 0.1.5 | 29.00 | 252.00 | 281.00 | OK |
Version: 0.1.5
Check: Rd cross-references
Result: NOTE
Found the following Rd file(s) with Rd \link{} targets missing package
anchors:
get_wis_raster_layer.Rd: get_map_layer
Please provide package anchors for all Rd \link{} targets not in the
package itself and the base packages.
Flavors: r-devel-linux-x86_64-debian-clang, r-devel-linux-x86_64-debian-gcc, r-devel-windows-x86_64, r-patched-linux-x86_64, r-release-linux-x86_64, r-release-windows-x86_64
Version: 0.1.5
Check: dependencies in R code
Result: NOTE
Namespace in Imports field not imported from: ‘ggplot2’
All declared Imports should be used.
Flavors: r-devel-linux-x86_64-fedora-clang, r-devel-linux-x86_64-fedora-gcc
These binaries (installable software) and packages are in development.
They may not be fully stable and should be used with caution. We make no claims about them.