Last updated on 2025-02-16 08:51:05 CET.
Flavor | Version | Tinstall | Tcheck | Ttotal | Status | Flags |
---|---|---|---|---|---|---|
r-devel-linux-x86_64-debian-clang | 0.1.5 | 24.48 | 227.81 | 252.29 | NOTE | |
r-devel-linux-x86_64-debian-gcc | 0.1.5 | 16.69 | 138.86 | 155.55 | NOTE | |
r-devel-linux-x86_64-fedora-clang | 0.1.5 | 424.82 | NOTE | |||
r-devel-linux-x86_64-fedora-gcc | 0.1.5 | 406.01 | NOTE | |||
r-devel-macos-arm64 | 0.1.5 | 36.00 | OK | |||
r-devel-macos-x86_64 | 0.1.5 | 148.00 | OK | |||
r-devel-windows-x86_64 | 0.1.5 | 23.00 | 177.00 | 200.00 | NOTE | |
r-patched-linux-x86_64 | 0.1.5 | 28.32 | 212.55 | 240.87 | OK | |
r-release-linux-x86_64 | 0.1.5 | 23.52 | 211.19 | 234.71 | OK | |
r-release-macos-arm64 | 0.1.5 | 33.00 | OK | |||
r-release-macos-x86_64 | 0.1.5 | 54.00 | OK | |||
r-release-windows-x86_64 | 0.1.5 | 24.00 | 180.00 | 204.00 | OK | |
r-oldrel-macos-arm64 | 0.1.5 | 37.00 | OK | |||
r-oldrel-macos-x86_64 | 0.1.5 | 69.00 | OK | |||
r-oldrel-windows-x86_64 | 0.1.5 | 35.00 | 230.00 | 265.00 | OK |
Version: 0.1.5
Check: Rd cross-references
Result: NOTE
Found the following Rd file(s) with Rd \link{} targets missing package
anchors:
get_wis_raster_layer.Rd: get_map_layer
Please provide package anchors for all Rd \link{} targets not in the
package itself and the base packages.
Flavors: r-devel-linux-x86_64-debian-clang, r-devel-linux-x86_64-debian-gcc, r-devel-windows-x86_64
Version: 0.1.5
Check: dependencies in R code
Result: NOTE
Namespace in Imports field not imported from: ‘ggplot2’
All declared Imports should be used.
Flavors: r-devel-linux-x86_64-fedora-clang, r-devel-linux-x86_64-fedora-gcc
These binaries (installable software) and packages are in development.
They may not be fully stable and should be used with caution. We make no claims about them.