CRAN Package Check Results for Package wdpar

Last updated on 2025-05-21 23:49:00 CEST.

Flavor Version Tinstall Tcheck Ttotal Status Flags
r-devel-linux-x86_64-debian-clang 1.3.8 4.51 52.67 57.18 OK
r-devel-linux-x86_64-debian-gcc 1.3.8 3.60 40.47 44.07 OK
r-devel-linux-x86_64-fedora-clang 1.3.8 89.22 OK
r-devel-linux-x86_64-fedora-gcc 1.3.8 107.16 OK
r-devel-windows-x86_64 1.3.8 7.00 85.00 92.00 OK
r-patched-linux-x86_64 1.3.8 5.22 49.29 54.51 OK
r-release-linux-x86_64 1.3.8 4.72 49.64 54.36 OK
r-release-macos-arm64 1.3.8 71.00 OK
r-release-macos-x86_64 1.3.8 90.00 OK
r-release-windows-x86_64 1.3.8 7.00 71.00 78.00 OK
r-oldrel-macos-arm64 1.3.8 39.00 NOTE
r-oldrel-macos-x86_64 1.3.8 60.00 NOTE
r-oldrel-windows-x86_64 1.3.8 8.00 81.00 89.00 NOTE

Check Details

Version: 1.3.8
Check: package dependencies
Result: NOTE Package suggested but not available for checking: ‘prepr’ Flavors: r-oldrel-macos-arm64, r-oldrel-macos-x86_64, r-oldrel-windows-x86_64

These binaries (installable software) and packages are in development.
They may not be fully stable and should be used with caution. We make no claims about them.