CRAN Package Check Results for Package wdpar

Last updated on 2025-07-04 11:50:42 CEST.

Flavor Version Tinstall Tcheck Ttotal Status Flags
r-devel-linux-x86_64-debian-clang 1.3.8 4.96 54.34 59.30 OK
r-devel-linux-x86_64-debian-gcc 1.3.8 3.61 41.40 45.01 OK
r-devel-linux-x86_64-fedora-clang 1.3.8 92.25 OK
r-devel-linux-x86_64-fedora-gcc 1.3.8 105.50 OK
r-devel-windows-x86_64 1.3.8 6.00 70.00 76.00 OK
r-patched-linux-x86_64 1.3.8 5.34 49.99 55.33 OK
r-release-linux-x86_64 1.3.8 4.99 50.39 55.38 OK
r-release-macos-arm64 1.3.8 71.00 OK
r-release-macos-x86_64 1.3.8 90.00 OK
r-release-windows-x86_64 1.3.8 7.00 68.00 75.00 OK
r-oldrel-macos-arm64 1.3.8 39.00 NOTE
r-oldrel-macos-x86_64 1.3.8 60.00 NOTE
r-oldrel-windows-x86_64 1.3.8 8.00 83.00 91.00 NOTE

Check Details

Version: 1.3.8
Check: package dependencies
Result: NOTE Package suggested but not available for checking: ‘prepr’ Flavors: r-oldrel-macos-arm64, r-oldrel-macos-x86_64, r-oldrel-windows-x86_64

These binaries (installable software) and packages are in development.
They may not be fully stable and should be used with caution. We make no claims about them.