Last updated on 2025-07-25 01:49:43 CEST.
Flavor | Version | Tinstall | Tcheck | Ttotal | Status | Flags |
---|---|---|---|---|---|---|
r-devel-linux-x86_64-debian-clang | 0.8.1 | 31.54 | 183.76 | 215.30 | NOTE | |
r-devel-linux-x86_64-debian-gcc | 0.8.1 | 24.08 | 131.45 | 155.53 | NOTE | |
r-devel-linux-x86_64-fedora-clang | 0.8.1 | 329.68 | NOTE | |||
r-devel-linux-x86_64-fedora-gcc | 0.8.1 | 313.98 | NOTE | |||
r-devel-windows-x86_64 | 0.8.1 | 26.00 | 174.00 | 200.00 | NOTE | |
r-patched-linux-x86_64 | 0.8.1 | 32.44 | 170.22 | 202.66 | NOTE | |
r-release-linux-x86_64 | 0.8.1 | 31.56 | 171.37 | 202.93 | NOTE | |
r-release-macos-arm64 | 0.8.1 | 66.00 | NOTE | |||
r-release-macos-x86_64 | 0.8.1 | 162.00 | NOTE | |||
r-release-windows-x86_64 | 0.8.1 | 29.00 | 166.00 | 195.00 | NOTE | |
r-oldrel-macos-arm64 | 0.8.1 | 55.00 | NOTE | |||
r-oldrel-macos-x86_64 | 0.8.1 | 89.00 | NOTE | |||
r-oldrel-windows-x86_64 | 0.8.1 | 35.00 | 204.00 | 239.00 | NOTE |
Version: 0.8.1
Check: package subdirectories
Result: NOTE
Problems with news in ‘NEWS.md’:
No news entries found.
Flavors: r-devel-linux-x86_64-debian-clang, r-devel-linux-x86_64-debian-gcc, r-devel-linux-x86_64-fedora-clang, r-devel-linux-x86_64-fedora-gcc, r-devel-windows-x86_64, r-patched-linux-x86_64, r-release-linux-x86_64, r-release-macos-arm64, r-release-macos-x86_64, r-release-windows-x86_64, r-oldrel-macos-arm64, r-oldrel-macos-x86_64, r-oldrel-windows-x86_64
These binaries (installable software) and packages are in development.
They may not be fully stable and should be used with caution. We make no claims about them.