Last updated on 2025-05-01 14:49:26 CEST.
Flavor | Version | Tinstall | Tcheck | Ttotal | Status | Flags |
---|---|---|---|---|---|---|
r-devel-linux-x86_64-debian-clang | 1.0.3 | 7.07 | 52.02 | 59.09 | NOTE | |
r-devel-linux-x86_64-debian-gcc | 1.0.3 | 4.85 | 42.30 | 47.15 | NOTE | |
r-devel-linux-x86_64-fedora-clang | 1.0.3 | 94.29 | OK | |||
r-devel-linux-x86_64-fedora-gcc | 1.0.3 | 105.77 | OK | |||
r-devel-windows-x86_64 | 1.0.3 | 13.00 | 75.00 | 88.00 | OK | |
r-patched-linux-x86_64 | 1.0.3 | 7.16 | 50.52 | 57.68 | OK | |
r-release-linux-x86_64 | OK | |||||
r-release-macos-arm64 | 1.0.3 | 34.00 | OK | |||
r-release-macos-x86_64 | 1.0.3 | 74.00 | OK | |||
r-release-windows-x86_64 | 1.0.3 | 13.00 | 80.00 | 93.00 | OK | |
r-oldrel-macos-arm64 | 1.0.3 | 34.00 | NOTE | |||
r-oldrel-macos-x86_64 | 1.0.3 | 52.00 | NOTE | |||
r-oldrel-windows-x86_64 | 1.0.3 | 14.00 | 80.00 | 94.00 | NOTE |
Version: 1.0.3
Check: CRAN incoming feasibility
Result: NOTE
Maintainer: ‘Richard Barnes <rijard.barnes@gmail.com>’
The BugReports field in DESCRIPTION has
https://github.com/r-barnes/webglobe/
which should likely be
https://github.com/r-barnes/webglobe/issues
instead.
Flavors: r-devel-linux-x86_64-debian-clang, r-devel-linux-x86_64-debian-gcc
Version: 1.0.3
Check: installed package size
Result: NOTE
installed size is 10.5Mb
sub-directories of 1Mb or more:
client 9.4Mb
doc 1.0Mb
Flavors: r-oldrel-macos-arm64, r-oldrel-macos-x86_64, r-oldrel-windows-x86_64
These binaries (installable software) and packages are in development.
They may not be fully stable and should be used with caution. We make no claims about them.