Last updated on 2025-05-21 23:49:00 CEST.
Flavor | Version | Tinstall | Tcheck | Ttotal | Status | Flags |
---|---|---|---|---|---|---|
r-devel-linux-x86_64-debian-clang | 0.1.5 | 13.44 | 126.03 | 139.47 | OK | |
r-devel-linux-x86_64-debian-gcc | 0.1.5 | 8.15 | 89.09 | 97.24 | OK | |
r-devel-linux-x86_64-fedora-clang | 0.1.5 | 210.62 | NOTE | |||
r-devel-linux-x86_64-fedora-gcc | 0.1.5 | 201.24 | NOTE | |||
r-devel-windows-x86_64 | 0.1.5 | 15.00 | 148.00 | 163.00 | OK | |
r-patched-linux-x86_64 | 0.1.5 | 12.53 | 117.36 | 129.89 | OK | |
r-release-linux-x86_64 | 0.1.5 | 10.97 | 117.46 | 128.43 | OK | |
r-release-macos-arm64 | 0.1.5 | 63.00 | OK | |||
r-release-macos-x86_64 | 0.1.5 | 106.00 | OK | |||
r-release-windows-x86_64 | 0.1.5 | 16.00 | 127.00 | 143.00 | OK | |
r-oldrel-macos-arm64 | 0.1.5 | 60.00 | NOTE | |||
r-oldrel-macos-x86_64 | 0.1.5 | 89.00 | NOTE | |||
r-oldrel-windows-x86_64 | 0.1.5 | 19.00 | 163.00 | 182.00 | NOTE |
Version: 0.1.5
Check: dependencies in R code
Result: NOTE
Namespaces in Imports field not imported from:
‘shiny’ ‘tidyselect’
All declared Imports should be used.
Flavors: r-devel-linux-x86_64-fedora-clang, r-devel-linux-x86_64-fedora-gcc
Version: 0.1.5
Check: LazyData
Result: NOTE
'LazyData' is specified without a 'data' directory
Flavors: r-oldrel-macos-arm64, r-oldrel-macos-x86_64, r-oldrel-windows-x86_64
These binaries (installable software) and packages are in development.
They may not be fully stable and should be used with caution. We make no claims about them.