CRAN Package Check Results for Package websearchr

Last updated on 2025-02-16 08:51:05 CET.

Flavor Version Tinstall Tcheck Ttotal Status Flags
r-devel-linux-x86_64-debian-clang 0.0.3 1.80 17.69 19.49 OK
r-devel-linux-x86_64-debian-gcc 0.0.3 1.48 14.34 15.82 OK
r-devel-linux-x86_64-fedora-clang 0.0.3 32.10 OK
r-devel-linux-x86_64-fedora-gcc 0.0.3 30.22 OK
r-devel-macos-arm64 0.0.3 20.00 OK
r-devel-macos-x86_64 0.0.3 40.00 OK
r-devel-windows-x86_64 0.0.3 3.00 42.00 45.00 OK
r-patched-linux-x86_64 0.0.3 1.96 17.19 19.15 NOTE
r-release-linux-x86_64 0.0.3 1.74 17.08 18.82 NOTE
r-release-macos-arm64 0.0.3 20.00 NOTE
r-release-macos-x86_64 0.0.3 27.00 NOTE
r-release-windows-x86_64 0.0.3 3.00 40.00 43.00 NOTE
r-oldrel-macos-arm64 0.0.3 21.00 NOTE
r-oldrel-macos-x86_64 0.0.3 27.00 NOTE
r-oldrel-windows-x86_64 0.0.3 4.00 42.00 46.00 NOTE

Check Details

Version: 0.0.3
Check: LazyData
Result: NOTE 'LazyData' is specified without a 'data' directory Flavors: r-patched-linux-x86_64, r-release-linux-x86_64, r-release-macos-arm64, r-release-macos-x86_64, r-release-windows-x86_64, r-oldrel-macos-arm64, r-oldrel-macos-x86_64, r-oldrel-windows-x86_64

These binaries (installable software) and packages are in development.
They may not be fully stable and should be used with caution. We make no claims about them.