Last updated on 2025-05-08 04:52:22 CEST.
Flavor | Version | Tinstall | Tcheck | Ttotal | Status | Flags |
---|---|---|---|---|---|---|
r-devel-linux-x86_64-debian-clang | 1.4.4 | 62.07 | 30.58 | 92.65 | OK | |
r-devel-linux-x86_64-debian-gcc | 1.4.4 | 49.63 | 25.22 | 74.85 | OK | |
r-devel-linux-x86_64-fedora-clang | 1.4.4 | 161.95 | OK | |||
r-devel-linux-x86_64-fedora-gcc | 1.4.4 | 201.77 | OK | |||
r-devel-windows-x86_64 | 1.4.4 | 85.00 | 134.00 | 219.00 | OK | |
r-patched-linux-x86_64 | 1.4.4 | 63.39 | 28.84 | 92.23 | OK | |
r-release-linux-x86_64 | 1.4.4 | 68.64 | 28.62 | 97.26 | OK | |
r-release-macos-arm64 | 1.4.4 | 72.00 | OK | |||
r-release-macos-x86_64 | 1.4.4 | 186.00 | OK | |||
r-release-windows-x86_64 | 1.4.4 | 81.00 | 146.00 | 227.00 | OK | |
r-oldrel-macos-arm64 | 1.4.4 | 71.00 | NOTE | |||
r-oldrel-macos-x86_64 | 1.4.4 | 184.00 | NOTE | |||
r-oldrel-windows-x86_64 | 1.4.4 | 97.00 | 162.00 | 259.00 | NOTE |
Version: 1.4.4
Check: installed package size
Result: NOTE
installed size is 29.4Mb
sub-directories of 1Mb or more:
libs 29.2Mb
Flavors: r-oldrel-macos-arm64, r-oldrel-macos-x86_64, r-oldrel-windows-x86_64
Version: 1.4.4
Check: for GNU extensions in Makefiles
Result: NOTE
GNU make is a SystemRequirements.
Flavors: r-oldrel-macos-arm64, r-oldrel-macos-x86_64, r-oldrel-windows-x86_64
These binaries (installable software) and packages are in development.
They may not be fully stable and should be used with caution. We make no claims about them.