CRAN Package Check Results for Package websocket

Last updated on 2025-02-23 01:51:58 CET.

Flavor Version Tinstall Tcheck Ttotal Status Flags
r-devel-linux-x86_64-debian-clang 1.4.2 64.29 29.73 94.02 OK
r-devel-linux-x86_64-debian-gcc 1.4.2 53.30 24.10 77.40 OK
r-devel-linux-x86_64-fedora-clang 1.4.2 160.74 WARN
r-devel-linux-x86_64-fedora-gcc 1.4.2 193.24 OK
r-devel-macos-arm64 1.4.2 72.00 WARN
r-devel-macos-x86_64 1.4.2 158.00 WARN
r-devel-windows-x86_64 1.4.2 155.00 131.00 286.00 OK
r-patched-linux-x86_64 1.4.2 69.35 28.07 97.42 NOTE
r-release-linux-x86_64 1.4.2 69.14 27.85 96.99 NOTE
r-release-macos-arm64 1.4.2 75.00 WARN
r-release-macos-x86_64 1.4.2 156.00 WARN
r-release-windows-x86_64 1.4.2 151.00 134.00 285.00 NOTE
r-oldrel-macos-arm64 1.4.2 118.00 WARN
r-oldrel-macos-x86_64 1.4.2 217.00 WARN
r-oldrel-windows-x86_64 1.4.2 177.00 152.00 329.00 NOTE

Check Details

Version: 1.4.2
Check: whether package can be installed
Result: WARN Found the following significant warnings: /data/gannet/ripley/R/test-clang/cpp11/include/cpp11/R.hpp:52:31: warning: identifier '_xl' preceded by whitespace in a literal operator declaration is deprecated [-Wdeprecated-literal-operator] /data/gannet/ripley/R/test-clang/cpp11/include/cpp11/named_arg.hpp:42:29: warning: identifier '_nm' preceded by whitespace in a literal operator declaration is deprecated [-Wdeprecated-literal-operator] See ‘/data/gannet/ripley/R/packages/tests-clang/websocket.Rcheck/00install.out’ for details. * used C++ compiler: ‘clang version 20.1.0-rc2’ Flavor: r-devel-linux-x86_64-fedora-clang

Version: 1.4.2
Check: whether package can be installed
Result: WARN Found the following significant warnings: /Volumes/Builds/packages/big-sur-arm64/Rlib/4.5/AsioHeaders/include/asio/associated_allocator.hpp:100:49: warning: 'allocator<void>' is deprecated [-Wdeprecated-declarations] /Volumes/Builds/packages/big-sur-arm64/Rlib/4.5/AsioHeaders/include/asio/execution/any_executor.hpp:611:47: warning: 'allocator<void>' is deprecated [-Wdeprecated-declarations] /Volumes/Builds/packages/big-sur-arm64/Rlib/4.5/AsioHeaders/include/asio/system_executor.hpp:171:54: warning: 'allocator<void>' is deprecated [-Wdeprecated-declarations] /Volumes/Builds/packages/big-sur-arm64/Rlib/4.5/AsioHeaders/include/asio/system_executor.hpp:175:28: warning: 'allocator<void>' is deprecated [-Wdeprecated-declarations] /Volumes/Builds/packages/big-sur-arm64/Rlib/4.5/AsioHeaders/include/asio/system_executor.hpp:444:45: warning: 'allocator<void>' is deprecated [-Wdeprecated-declarations] /Volumes/Builds/packages/big-sur-arm64/Rlib/4.5/AsioHeaders/include/asio/system_context.hpp:39:12: warning: 'allocator<void>' is deprecated [-Wdeprecated-declarations] /Volumes/Builds/packages/big-sur-arm64/Rlib/4.5/AsioHeaders/include/asio/io_context.hpp:231:36: warning: 'allocator<void>' is deprecated [-Wdeprecated-declarations] /Volumes/Builds/packages/big-sur-arm64/Rlib/4.5/AsioHeaders/include/asio/io_context.hpp:856:43: warning: 'allocator<void>' is deprecated [-Wdeprecated-declarations] /Volumes/Builds/packages/big-sur-arm64/Rlib/4.5/AsioHeaders/include/asio/io_context.hpp:859:37: warning: 'allocator<void>' is deprecated [-Wdeprecated-declarations] /Volumes/Builds/packages/big-sur-arm64/Rlib/4.5/AsioHeaders/include/asio/io_context.hpp:860:29: warning: 'allocator<void>' is deprecated [-Wdeprecated-declarations] /Volumes/Builds/packages/big-sur-arm64/Rlib/4.5/AsioHeaders/include/asio/buffer_registration.hpp:61:31: warning: 'allocator<void>' is deprecated [-Wdeprecated-declarations] /Volumes/Builds/packages/big-sur-arm64/Rlib/4.5/AsioHeaders/include/asio/impl/compose.hpp:358:12: warning: 'allocator<void>' is deprecated [-Wdeprecated-declarations] /Volumes/Builds/packages/big-sur-arm64/Rlib/4.5/AsioHeaders/include/asio/impl/compose.hpp:362:56: warning: 'allocator<void>' is deprecated [-Wdeprecated-declarations] /Volumes/Builds/packages/big-sur-arm64/Rlib/4.5/AsioHeaders/include/asio/impl/executor.hpp:167:55: warning: 'allocator<void>' is deprecated [-Wdeprecated-declarations] /Volumes/Builds/packages/big-sur-arm64/Rlib/4.5/AsioHeaders/include/asio/impl/executor.hpp:202:14: warning: 'allocator<void>' is deprecated [-Wdeprecated-declarations] /Volumes/Builds/packages/big-sur-arm64/Rlib/4.5/AsioHeaders/include/asio/impl/executor.hpp:208:14: warning: 'allocator<void>' is deprecated [-Wdeprecated-declarations] /Volumes/Builds/packages/big-sur-arm64/Rlib/4.5/AsioHeaders/include/asio/impl/executor.hpp:214:14: warning: 'allocator<void>' is deprecated [-Wdeprecated-declarations] /Volumes/Builds/packages/big-sur-arm64/Rlib/4.5/AsioHeaders/include/asio/impl/executor.hpp:243:31: warning: 'allocator<void>' is deprecated [-Wdeprecated-declarations] /Volumes/Builds/packages/big-sur-arm64/Rlib/4.5/AsioHeaders/include/asio/thread_pool.hpp:85:36: warning: 'allocator<void>' is deprecated [-Wdeprecated-declarations] /Volumes/Builds/packages/big-sur-arm64/Rlib/4.5/AsioHeaders/include/asio/thread_pool.hpp:88:36: warning: 'allocator<void>' is deprecated [-Wdeprecated-declarations] /Volumes/Builds/packages/big-sur-arm64/Rlib/4.5/AsioHeaders/include/asio/thread_pool.hpp:392:43: warning: 'allocator<void>' is deprecated [-Wdeprecated-declarations] /Volumes/Builds/packages/big-sur-arm64/Rlib/4.5/AsioHeaders/include/asio/thread_pool.hpp:395:37: warning: 'allocator<void>' is deprecated [-Wdeprecated-declarations] /Volumes/Builds/packages/big-sur-arm64/Rlib/4.5/AsioHeaders/include/asio/thread_pool.hpp:396:21: warning: 'allocator<void>' is deprecated [-Wdeprecated-declarations] /Volumes/Builds/packages/big-sur-arm64/Rlib/4.5/AsioHeaders/include/asio/detail/impl/strand_executor_service.hpp:222:12: warning: 'allocator<void>' is deprecated [-Wdeprecated-declarations] /Volumes/Builds/packages/big-sur-arm64/Rlib/4.5/AsioHeaders/include/asio/use_future.hpp:132:19: warning: 'allocator<void>' is deprecated [-Wdeprecated-declarations] /Volumes/Builds/packages/big-sur-arm64/Rlib/4.5/AsioHeaders/include/asio/use_future.hpp:139:18: warning: 'allocator<void>' is deprecated [-Wdeprecated-declarations] /Volumes/Builds/packages/big-sur-arm64/Rlib/4.5/AsioHeaders/include/asio/use_future.hpp:134:19: warning: 'allocator<void>' is deprecated [-Wdeprecated-declarations] /Volumes/Builds/packages/big-sur-arm64/Rlib/4.5/AsioHeaders/include/asio/use_future.hpp:57:37: warning: 'allocator<void>' is deprecated [-Wdeprecated-declarations] /Volumes/Builds/packages/big-sur-arm64/Rlib/4.5/AsioHeaders/include/asio/detail/handler_alloc_helpers.hpp:186:48: warning: 'allocator<void>' is deprecated [-Wdeprecated-declarations] /Volumes/Builds/packages/big-sur-arm64/Rlib/4.5/AsioHeaders/include/asio/detail/recycling_allocator.hpp:97:30: warning: 'allocator<void>' is deprecated [-Wdeprecated-declarations] See ‘/Volumes/Builds/packages/big-sur-arm64/results/4.5/websocket.Rcheck/00install.out’ for details. * used C++ compiler: ‘Apple clang version 14.0.0 (clang-1400.0.29.202)’ * used SDK: ‘MacOSX11.3.sdk’ Flavor: r-devel-macos-arm64

Version: 1.4.2
Check: whether package can be installed
Result: WARN Found the following significant warnings: /Volumes/Builds/packages/big-sur-x86_64/Rlib/4.5/AsioHeaders/include/asio/associated_allocator.hpp:100:49: warning: 'allocator<void>' is deprecated [-Wdeprecated-declarations] /Volumes/Builds/packages/big-sur-x86_64/Rlib/4.5/AsioHeaders/include/asio/execution/any_executor.hpp:611:47: warning: 'allocator<void>' is deprecated [-Wdeprecated-declarations] /Volumes/Builds/packages/big-sur-x86_64/Rlib/4.5/AsioHeaders/include/asio/system_executor.hpp:171:54: warning: 'allocator<void>' is deprecated [-Wdeprecated-declarations] /Volumes/Builds/packages/big-sur-x86_64/Rlib/4.5/AsioHeaders/include/asio/system_executor.hpp:175:28: warning: 'allocator<void>' is deprecated [-Wdeprecated-declarations] /Volumes/Builds/packages/big-sur-x86_64/Rlib/4.5/AsioHeaders/include/asio/system_executor.hpp:444:45: warning: 'allocator<void>' is deprecated [-Wdeprecated-declarations] /Volumes/Builds/packages/big-sur-x86_64/Rlib/4.5/AsioHeaders/include/asio/system_context.hpp:39:12: warning: 'allocator<void>' is deprecated [-Wdeprecated-declarations] /Volumes/Builds/packages/big-sur-x86_64/Rlib/4.5/AsioHeaders/include/asio/io_context.hpp:231:36: warning: 'allocator<void>' is deprecated [-Wdeprecated-declarations] /Volumes/Builds/packages/big-sur-x86_64/Rlib/4.5/AsioHeaders/include/asio/io_context.hpp:856:43: warning: 'allocator<void>' is deprecated [-Wdeprecated-declarations] /Volumes/Builds/packages/big-sur-x86_64/Rlib/4.5/AsioHeaders/include/asio/io_context.hpp:859:37: warning: 'allocator<void>' is deprecated [-Wdeprecated-declarations] /Volumes/Builds/packages/big-sur-x86_64/Rlib/4.5/AsioHeaders/include/asio/io_context.hpp:860:29: warning: 'allocator<void>' is deprecated [-Wdeprecated-declarations] /Volumes/Builds/packages/big-sur-x86_64/Rlib/4.5/AsioHeaders/include/asio/buffer_registration.hpp:61:31: warning: 'allocator<void>' is deprecated [-Wdeprecated-declarations] /Volumes/Builds/packages/big-sur-x86_64/Rlib/4.5/AsioHeaders/include/asio/impl/compose.hpp:358:12: warning: 'allocator<void>' is deprecated [-Wdeprecated-declarations] /Volumes/Builds/packages/big-sur-x86_64/Rlib/4.5/AsioHeaders/include/asio/impl/compose.hpp:362:56: warning: 'allocator<void>' is deprecated [-Wdeprecated-declarations] /Volumes/Builds/packages/big-sur-x86_64/Rlib/4.5/AsioHeaders/include/asio/impl/executor.hpp:167:55: warning: 'allocator<void>' is deprecated [-Wdeprecated-declarations] /Volumes/Builds/packages/big-sur-x86_64/Rlib/4.5/AsioHeaders/include/asio/impl/executor.hpp:202:14: warning: 'allocator<void>' is deprecated [-Wdeprecated-declarations] /Volumes/Builds/packages/big-sur-x86_64/Rlib/4.5/AsioHeaders/include/asio/impl/executor.hpp:208:14: warning: 'allocator<void>' is deprecated [-Wdeprecated-declarations] /Volumes/Builds/packages/big-sur-x86_64/Rlib/4.5/AsioHeaders/include/asio/impl/executor.hpp:214:14: warning: 'allocator<void>' is deprecated [-Wdeprecated-declarations] /Volumes/Builds/packages/big-sur-x86_64/Rlib/4.5/AsioHeaders/include/asio/impl/executor.hpp:243:31: warning: 'allocator<void>' is deprecated [-Wdeprecated-declarations] /Volumes/Builds/packages/big-sur-x86_64/Rlib/4.5/AsioHeaders/include/asio/thread_pool.hpp:85:36: warning: 'allocator<void>' is deprecated [-Wdeprecated-declarations] /Volumes/Builds/packages/big-sur-x86_64/Rlib/4.5/AsioHeaders/include/asio/thread_pool.hpp:88:36: warning: 'allocator<void>' is deprecated [-Wdeprecated-declarations] /Volumes/Builds/packages/big-sur-x86_64/Rlib/4.5/AsioHeaders/include/asio/thread_pool.hpp:392:43: warning: 'allocator<void>' is deprecated [-Wdeprecated-declarations] /Volumes/Builds/packages/big-sur-x86_64/Rlib/4.5/AsioHeaders/include/asio/thread_pool.hpp:395:37: warning: 'allocator<void>' is deprecated [-Wdeprecated-declarations] /Volumes/Builds/packages/big-sur-x86_64/Rlib/4.5/AsioHeaders/include/asio/thread_pool.hpp:396:21: warning: 'allocator<void>' is deprecated [-Wdeprecated-declarations] /Volumes/Builds/packages/big-sur-x86_64/Rlib/4.5/AsioHeaders/include/asio/detail/impl/strand_executor_service.hpp:222:12: warning: 'allocator<void>' is deprecated [-Wdeprecated-declarations] /Volumes/Builds/packages/big-sur-x86_64/Rlib/4.5/AsioHeaders/include/asio/use_future.hpp:132:19: warning: 'allocator<void>' is deprecated [-Wdeprecated-declarations] /Volumes/Builds/packages/big-sur-x86_64/Rlib/4.5/AsioHeaders/include/asio/use_future.hpp:139:18: warning: 'allocator<void>' is deprecated [-Wdeprecated-declarations] /Volumes/Builds/packages/big-sur-x86_64/Rlib/4.5/AsioHeaders/include/asio/use_future.hpp:134:19: warning: 'allocator<void>' is deprecated [-Wdeprecated-declarations] /Volumes/Builds/packages/big-sur-x86_64/Rlib/4.5/AsioHeaders/include/asio/use_future.hpp:57:37: warning: 'allocator<void>' is deprecated [-Wdeprecated-declarations] /Volumes/Builds/packages/big-sur-x86_64/Rlib/4.5/AsioHeaders/include/asio/detail/handler_alloc_helpers.hpp:186:48: warning: 'allocator<void>' is deprecated [-Wdeprecated-declarations] /Volumes/Builds/packages/big-sur-x86_64/Rlib/4.5/AsioHeaders/include/asio/detail/recycling_allocator.hpp:97:30: warning: 'allocator<void>' is deprecated [-Wdeprecated-declarations] :48: warning: 'allocator<void>' is deprecated [-Wdeprecated-declarations] See ‘/Volumes/Builds/packages/big-sur-x86_64/results/4.5/websocket.Rcheck/00install.out’ for details. * used C++ compiler: ‘Apple clang version 14.0.3 (clang-1403.0.22.14.1)’ * used SDK: ‘MacOSX11.3.sdk’ Flavor: r-devel-macos-x86_64

Version: 1.4.2
Check: for GNU extensions in Makefiles
Result: NOTE GNU make is a SystemRequirements. Flavors: r-patched-linux-x86_64, r-release-linux-x86_64, r-release-macos-arm64, r-release-macos-x86_64, r-release-windows-x86_64, r-oldrel-macos-arm64, r-oldrel-macos-x86_64, r-oldrel-windows-x86_64

Version: 1.4.2
Check: whether package can be installed
Result: WARN Found the following significant warnings: /Volumes/Builds/packages/big-sur-arm64/Rlib/4.4/AsioHeaders/include/asio/associated_allocator.hpp:100:49: warning: 'allocator<void>' is deprecated [-Wdeprecated-declarations] /Volumes/Builds/packages/big-sur-arm64/Rlib/4.4/AsioHeaders/include/asio/execution/any_executor.hpp:611:47: warning: 'allocator<void>' is deprecated [-Wdeprecated-declarations] /Volumes/Builds/packages/big-sur-arm64/Rlib/4.4/AsioHeaders/include/asio/system_executor.hpp:171:54: warning: 'allocator<void>' is deprecated [-Wdeprecated-declarations] /Volumes/Builds/packages/big-sur-arm64/Rlib/4.4/AsioHeaders/include/asio/system_executor.hpp:175:28: warning: 'allocator<void>' is deprecated [-Wdeprecated-declarations] /Volumes/Builds/packages/big-sur-arm64/Rlib/4.4/AsioHeaders/include/asio/system_executor.hpp:444:45: warning: 'allocator<void>' is deprecated [-Wdeprecated-declarations] /Volumes/Builds/packages/big-sur-arm64/Rlib/4.4/AsioHeaders/include/asio/system_context.hpp:39:12: warning: 'allocator<void>' is deprecated [-Wdeprecated-declarations] /Volumes/Builds/packages/big-sur-arm64/Rlib/4.4/AsioHeaders/include/asio/io_context.hpp:231:36: warning: 'allocator<void>' is deprecated [-Wdeprecated-declarations] /Volumes/Builds/packages/big-sur-arm64/Rlib/4.4/AsioHeaders/include/asio/io_context.hpp:856:43: warning: 'allocator<void>' is deprecated [-Wdeprecated-declarations] /Volumes/Builds/packages/big-sur-arm64/Rlib/4.4/AsioHeaders/include/asio/io_context.hpp:859:37: warning: 'allocator<void>' is deprecated [-Wdeprecated-declarations] /Volumes/Builds/packages/big-sur-arm64/Rlib/4.4/AsioHeaders/include/asio/io_context.hpp:860:29: warning: 'allocator<void>' is deprecated [-Wdeprecated-declarations] /Volumes/Builds/packages/big-sur-arm64/Rlib/4.4/AsioHeaders/include/asio/buffer_registration.hpp:61:31: warning: 'allocator<void>' is deprecated [-Wdeprecated-declarations] /Volumes/Builds/packages/big-sur-arm64/Rlib/4.4/AsioHeaders/include/asio/impl/compose.hpp:358:12: warning: 'allocator<void>' is deprecated [-Wdeprecated-declarations] /Volumes/Builds/packages/big-sur-arm64/Rlib/4.4/AsioHeaders/include/asio/impl/compose.hpp:362:56: warning: 'allocator<void>' is deprecated [-Wdeprecated-declarations] /Volumes/Builds/packages/big-sur-arm64/Rlib/4.4/AsioHeaders/include/asio/impl/executor.hpp:167:55: warning: 'allocator<void>' is deprecated [-Wdeprecated-declarations] /Volumes/Builds/packages/big-sur-arm64/Rlib/4.4/AsioHeaders/include/asio/impl/executor.hpp:202:14: warning: 'allocator<void>' is deprecated [-Wdeprecated-declarations] /Volumes/Builds/packages/big-sur-arm64/Rlib/4.4/AsioHeaders/include/asio/impl/executor.hpp:208:14: warning: 'allocator<void>' is deprecated [-Wdeprecated-declarations] /Volumes/Builds/packages/big-sur-arm64/Rlib/4.4/AsioHeaders/include/asio/impl/executor.hpp:214:14: warning: 'allocator<void>' is deprecated [-Wdeprecated-declarations] /Volumes/Builds/packages/big-sur-arm64/Rlib/4.4/AsioHeaders/include/asio/impl/executor.hpp:243:31: warning: 'allocator<void>' is deprecated [-Wdeprecated-declarations] /Volumes/Builds/packages/big-sur-arm64/Rlib/4.4/AsioHeaders/include/asio/thread_pool.hpp:85:36: warning: 'allocator<void>' is deprecated [-Wdeprecated-declarations] /Volumes/Builds/packages/big-sur-arm64/Rlib/4.4/AsioHeaders/include/asio/thread_pool.hpp:88:36: warning: 'allocator<void>' is deprecated [-Wdeprecated-declarations] /Volumes/Builds/packages/big-sur-arm64/Rlib/4.4/AsioHeaders/include/asio/thread_pool.hpp:392:43: warning: 'allocator<void>' is deprecated [-Wdeprecated-declarations] /Volumes/Builds/packages/big-sur-arm64/Rlib/4.4/AsioHeaders/include/asio/thread_pool.hpp:395:37: warning: 'allocator<void>' is deprecated [-Wdeprecated-declarations] /Volumes/Builds/packages/big-sur-arm64/Rlib/4.4/AsioHeaders/include/asio/thread_pool.hpp:396:21: warning: 'allocator<void>' is deprecated [-Wdeprecated-declarations] /Volumes/Builds/packages/big-sur-arm64/Rlib/4.4/AsioHeaders/include/asio/detail/impl/strand_executor_service.hpp:222:12: warning: 'allocator<void>' is deprecated [-Wdeprecated-declarations] /Volumes/Builds/packages/big-sur-arm64/Rlib/4.4/AsioHeaders/include/asio/use_future.hpp:132:19: warning: 'allocator<void>' is deprecated [-Wdeprecated-declarations] /Volumes/Builds/packages/big-sur-arm64/Rlib/4.4/AsioHeaders/include/asio/use_future.hpp:139:18: warning: 'allocator<void>' is deprecated [-Wdeprecated-declarations] /Volumes/Builds/packages/big-sur-arm64/Rlib/4.4/AsioHeaders/include/asio/use_future.hpp:134:19: warning: 'allocator<void>' is deprecated [-Wdeprecated-declarations] /Volumes/Builds/packages/big-sur-arm64/Rlib/4.4/AsioHeaders/include/asio/use_future.hpp:57:37: warning: 'allocator<void>' is deprecated [-Wdeprecated-declarations] /Volumes/Builds/packages/big-sur-arm64/Rlib/4.4/AsioHeaders/include/asio/detail/handler_alloc_helpers.hpp:186:48: warning: 'allocator<void>' is deprecated [-Wdeprecated-declarations] /Volumes/Builds/packages/big-sur-arm64/Rlib/4.4/AsioHeaders/include/asio/detail/recycling_allocator.hpp:97:30: warning: 'allocator<void>' is deprecated [-Wdeprecated-declarations] See ‘/Volumes/Builds/packages/big-sur-arm64/results/4.4/websocket.Rcheck/00install.out’ for details. * used C++ compiler: ‘Apple clang version 14.0.0 (clang-1400.0.29.202)’ * used SDK: ‘MacOSX11.3.sdk’ Flavor: r-release-macos-arm64

Version: 1.4.2
Check: installed package size
Result: NOTE installed size is 29.4Mb sub-directories of 1Mb or more: libs 29.2Mb Flavors: r-release-macos-arm64, r-release-macos-x86_64, r-release-windows-x86_64, r-oldrel-macos-arm64, r-oldrel-macos-x86_64, r-oldrel-windows-x86_64

Version: 1.4.2
Check: whether package can be installed
Result: WARN Found the following significant warnings: /Volumes/Builds/packages/big-sur-x86_64/Rlib/4.4/AsioHeaders/include/asio/associated_allocator.hpp:100:49: warning: 'allocator<void>' is deprecated [-Wdeprecated-declarations] /Volumes/Builds/packages/big-sur-x86_64/Rlib/4.4/AsioHeaders/include/asio/execution/any_executor.hpp:611:47: warning: 'allocator<void>' is deprecated [-Wdeprecated-declarations] /Volumes/Builds/packages/big-sur-x86_64/Rlib/4.4/AsioHeaders/include/asio/system_executor.hpp:171:54: warning: 'allocator<void>' is deprecated [-Wdeprecated-declarations] /Volumes/Builds/packages/big-sur-x86_64/Rlib/4.4/AsioHeaders/include/asio/system_executor.hpp:175:28: warning: 'allocator<void>' is deprecated [-Wdeprecated-declarations] /Volumes/Builds/packages/big-sur-x86_64/Rlib/4.4/AsioHeaders/include/asio/system_executor.hpp:444:45: warning: 'allocator<void>' is deprecated [-Wdeprecated-declarations] /Volumes/Builds/packages/big-sur-x86_64/Rlib/4.4/AsioHeaders/include/asio/system_context.hpp:39:12: warning: 'allocator<void>' is deprecated [-Wdeprecated-declarations] /Volumes/Builds/packages/big-sur-x86_64/Rlib/4.4/AsioHeaders/include/asio/io_context.hpp:231:36: warning: 'allocator<void>' is deprecated [-Wdeprecated-declarations] /Volumes/Builds/packages/big-sur-x86_64/Rlib/4.4/AsioHeaders/include/asio/io_context.hpp:856:43: warning: 'allocator<void>' is deprecated [-Wdeprecated-declarations] /Volumes/Builds/packages/big-sur-x86_64/Rlib/4.4/AsioHeaders/include/asio/io_context.hpp:859:37: warning: 'allocator<void>' is deprecated [-Wdeprecated-declarations] /Volumes/Builds/packages/big-sur-x86_64/Rlib/4.4/AsioHeaders/include/asio/io_context.hpp:860:29: warning: 'allocator<void>' is deprecated [-Wdeprecated-declarations] /Volumes/Builds/packages/big-sur-x86_64/Rlib/4.4/AsioHeaders/include/asio/buffer_registration.hpp:61:31: warning: 'allocator<void>' is deprecated [-Wdeprecated-declarations] /Volumes/Builds/packages/big-sur-x86_64/Rlib/4.4/AsioHeaders/include/asio/impl/compose.hpp:358:12: warning: 'allocator<void>' is deprecated [-Wdeprecated-declarations] /Volumes/Builds/packages/big-sur-x86_64/Rlib/4.4/AsioHeaders/include/asio/impl/compose.hpp:362:56: warning: 'allocator<void>' is deprecated [-Wdeprecated-declarations] /Volumes/Builds/packages/big-sur-x86_64/Rlib/4.4/AsioHeaders/include/asio/impl/executor.hpp:167:55: warning: 'allocator<void>' is deprecated [-Wdeprecated-declarations] /Volumes/Builds/packages/big-sur-x86_64/Rlib/4.4/AsioHeaders/include/asio/impl/executor.hpp:202:14: warning: 'allocator<void>' is deprecated [-Wdeprecated-declarations] /Volumes/Builds/packages/big-sur-x86_64/Rlib/4.4/AsioHeaders/include/asio/impl/executor.hpp:208:14: warning: 'allocator<void>' is deprecated [-Wdeprecated-declarations] /Volumes/Builds/packages/big-sur-x86_64/Rlib/4.4/AsioHeaders/include/asio/impl/executor.hpp:214:14: warning: 'allocator<void>' is deprecated [-Wdeprecated-declarations] /Volumes/Builds/packages/big-sur-x86_64/Rlib/4.4/AsioHeaders/include/asio/impl/executor.hpp:243:31: warning: 'allocator<void>' is deprecated [-Wdeprecated-declarations] /Volumes/Builds/packages/big-sur-x86_64/Rlib/4.4/AsioHeaders/include/asio/thread_pool.hpp:85:36: warning: 'allocator<void>' is deprecated [-Wdeprecated-declarations] /Volumes/Builds/packages/big-sur-x86_64/Rlib/4.4/AsioHeaders/include/asio/thread_pool.hpp:88:36: warning: 'allocator<void>' is deprecated [-Wdeprecated-declarations] /Volumes/Builds/packages/big-sur-x86_64/Rlib/4.4/AsioHeaders/include/asio/thread_pool.hpp:392:43: warning: 'allocator<void>' is deprecated [-Wdeprecated-declarations] /Volumes/Builds/packages/big-sur-x86_64/Rlib/4.4/AsioHeaders/include/asio/thread_pool.hpp:395:37: warning: 'allocator<void>' is deprecated [-Wdeprecated-declarations] /Volumes/Builds/packages/big-sur-x86_64/Rlib/4.4/AsioHeaders/include/asio/thread_pool.hpp:396:21: warning: 'allocator<void>' is deprecated [-Wdeprecated-declarations] /Volumes/Builds/packages/big-sur-x86_64/Rlib/4.4/AsioHeaders/include/asio/detail/impl/strand_executor_service.hpp:222:12: warning: 'allocator<void>' is deprecated [-Wdeprecated-declarations] /Volumes/Builds/packages/big-sur-x86_64/Rlib/4.4/AsioHeaders/include/asio/use_future.hpp:132:19: warning: 'allocator<void>' is deprecated [-Wdeprecated-declarations] /Volumes/Builds/packages/big-sur-x86_64/Rlib/4.4/AsioHeaders/include/asio/use_future.hpp:139:18: warning: 'allocator<void>' is deprecated [-Wdeprecated-declarations] /Volumes/Builds/packages/big-sur-x86_64/Rlib/4.4/AsioHeaders/include/asio/use_future.hpp:134:19: warning: 'allocator<void>' is deprecated [-Wdeprecated-declarations] /Volumes/Builds/packages/big-sur-x86_64/Rlib/4.4/AsioHeaders/include/asio/use_future.hpp:57:37: warning: 'allocator<void>' is deprecated [-Wdeprecated-declarations] /Volumes/Builds/packages/big-sur-x86_64/Rlib/4.4/AsioHeaders/include/asio/detail/handler_alloc_helpers.hpp:186:48: warning: 'allocator<void>' is deprecated [-Wdeprecated-declarations] /Volumes/Builds/packages/big-sur-x86_64/Rlib/4.4/AsioHeaders/include/asio/detail/recycling_allocator.hpp:97:30: warning: 'allocator<void>' is deprecated [-Wdeprecated-declarations] See ‘/Volumes/Builds/packages/big-sur-x86_64/results/4.4/websocket.Rcheck/00install.out’ for details. * used C++ compiler: ‘Apple clang version 14.0.3 (clang-1403.0.22.14.1)’ * used SDK: ‘MacOSX11.3.sdk’ Flavor: r-release-macos-x86_64

Version: 1.4.2
Check: whether package can be installed
Result: WARN Found the following significant warnings: /Volumes/Builds/packages/big-sur-arm64/Rlib/4.3/AsioHeaders/include/asio/associated_allocator.hpp:100:49: warning: 'allocator<void>' is deprecated [-Wdeprecated-declarations] /Volumes/Builds/packages/big-sur-arm64/Rlib/4.3/AsioHeaders/include/asio/execution/any_executor.hpp:611:47: warning: 'allocator<void>' is deprecated [-Wdeprecated-declarations] /Volumes/Builds/packages/big-sur-arm64/Rlib/4.3/AsioHeaders/include/asio/system_executor.hpp:171:54: warning: 'allocator<void>' is deprecated [-Wdeprecated-declarations] /Volumes/Builds/packages/big-sur-arm64/Rlib/4.3/AsioHeaders/include/asio/system_executor.hpp:175:28: warning: 'allocator<void>' is deprecated [-Wdeprecated-declarations] /Volumes/Builds/packages/big-sur-arm64/Rlib/4.3/AsioHeaders/include/asio/system_executor.hpp:444:45: warning: 'allocator<void>' is deprecated [-Wdeprecated-declarations] /Volumes/Builds/packages/big-sur-arm64/Rlib/4.3/AsioHeaders/include/asio/system_context.hpp:39:12: warning: 'allocator<void>' is deprecated [-Wdeprecated-declarations] /Volumes/Builds/packages/big-sur-arm64/Rlib/4.3/AsioHeaders/include/asio/io_context.hpp:231:36: warning: 'allocator<void>' is deprecated [-Wdeprecated-declarations] /Volumes/Builds/packages/big-sur-arm64/Rlib/4.3/AsioHeaders/include/asio/io_context.hpp:856:43: warning: 'allocator<void>' is deprecated [-Wdeprecated-declarations] /Volumes/Builds/packages/big-sur-arm64/Rlib/4.3/AsioHeaders/include/asio/io_context.hpp:859:37: warning: 'allocator<void>' is deprecated [-Wdeprecated-declarations] /Volumes/Builds/packages/big-sur-arm64/Rlib/4.3/AsioHeaders/include/asio/io_context.hpp:860:29: warning: 'allocator<void>' is deprecated [-Wdeprecated-declarations] /Volumes/Builds/packages/big-sur-arm64/Rlib/4.3/AsioHeaders/include/asio/buffer_registration.hpp:61:31: warning: 'allocator<void>' is deprecated [-Wdeprecated-declarations] /Volumes/Builds/packages/big-sur-arm64/Rlib/4.3/AsioHeaders/include/asio/impl/compose.hpp:358:12: warning: 'allocator<void>' is deprecated [-Wdeprecated-declarations] /Volumes/Builds/packages/big-sur-arm64/Rlib/4.3/AsioHeaders/include/asio/impl/compose.hpp:362:56: warning: 'allocator<void>' is deprecated [-Wdeprecated-declarations] /Volumes/Builds/packages/big-sur-arm64/Rlib/4.3/AsioHeaders/include/asio/impl/executor.hpp:167:55: warning: 'allocator<void>' is deprecated [-Wdeprecated-declarations] /Volumes/Builds/packages/big-sur-arm64/Rlib/4.3/AsioHeaders/include/asio/impl/executor.hpp:202:14: warning: 'allocator<void>' is deprecated [-Wdeprecated-declarations] /Volumes/Builds/packages/big-sur-arm64/Rlib/4.3/AsioHeaders/include/asio/impl/executor.hpp:208:14: warning: 'allocator<void>' is deprecated [-Wdeprecated-declarations] /Volumes/Builds/packages/big-sur-arm64/Rlib/4.3/AsioHeaders/include/asio/impl/executor.hpp:214:14: warning: 'allocator<void>' is deprecated [-Wdeprecated-declarations] /Volumes/Builds/packages/big-sur-arm64/Rlib/4.3/AsioHeaders/include/asio/impl/executor.hpp:243:31: warning: 'allocator<void>' is deprecated [-Wdeprecated-declarations] /Volumes/Builds/packages/big-sur-arm64/Rlib/4.3/AsioHeaders/include/asio/thread_pool.hpp:85:36: warning: 'allocator<void>' is deprecated [-Wdeprecated-declarations] /Volumes/Builds/packages/big-sur-arm64/Rlib/4.3/AsioHeaders/include/asio/thread_pool.hpp:88:36: warning: 'allocator<void>' is deprecated [-Wdeprecated-declarations] /Volumes/Builds/packages/big-sur-arm64/Rlib/4.3/AsioHeaders/include/asio/thread_pool.hpp:392:43: warning: 'allocator<void>' is deprecated [-Wdeprecated-declarations] /Volumes/Builds/packages/big-sur-arm64/Rlib/4.3/AsioHeaders/include/asio/thread_pool.hpp:395:37: warning: 'allocator<void>' is deprecated [-Wdeprecated-declarations] /Volumes/Builds/packages/big-sur-arm64/Rlib/4.3/AsioHeaders/include/asio/thread_pool.hpp:396:21: warning: 'allocator<void>' is deprecated [-Wdeprecated-declarations] /Volumes/Builds/packages/big-sur-arm64/Rlib/4.3/AsioHeaders/include/asio/detail/impl/strand_executor_service.hpp:222:12: warning: 'allocator<void>' is deprecated [-Wdeprecated-declarations] /Volumes/Builds/packages/big-sur-arm64/Rlib/4.3/AsioHeaders/include/asio/use_future.hpp:132:19: warning: 'allocator<void>' is deprecated [-Wdeprecated-declarations] /Volumes/Builds/packages/big-sur-arm64/Rlib/4.3/AsioHeaders/include/asio/use_future.hpp:139:18: warning: 'allocator<void>' is deprecated [-Wdeprecated-declarations] /Volumes/Builds/packages/big-sur-arm64/Rlib/4.3/AsioHeaders/include/asio/use_future.hpp:134:19: warning: 'allocator<void>' is deprecated [-Wdeprecated-declarations] /Volumes/Builds/packages/big-sur-arm64/Rlib/4.3/AsioHeaders/include/asio/use_future.hpp:57:37: warning: 'allocator<void>' is deprecated [-Wdeprecated-declarations] /Volumes/Builds/packages/big-sur-arm64/Rlib/4.3/AsioHeaders/include/asio/detail/handler_alloc_helpers.hpp:186:48: warning: 'allocator<void>' is deprecated [-Wdeprecated-declarations] /Volumes/Builds/packages/big-sur-arm64/Rlib/4.3/AsioHeaders/include/asio/detail/recycling_allocator.hpp:97:30: warning: 'allocator<void>' is deprecated [-Wdeprecated-declarations] See ‘/Volumes/Builds/packages/big-sur-arm64/results/4.3/websocket.Rcheck/00install.out’ for details. * used C++ compiler: ‘Apple clang version 14.0.0 (clang-1400.0.29.202)’ * used SDK: ‘MacOSX11.3.sdk’ Flavor: r-oldrel-macos-arm64

Version: 1.4.2
Check: whether package can be installed
Result: WARN Found the following significant warnings: /Volumes/Builds/packages/big-sur-x86_64/Rlib/4.3/AsioHeaders/include/asio/associated_allocator.hpp:100:49: warning: 'allocator<void>' is deprecated [-Wdeprecated-declarations] /Volumes/Builds/packages/big-sur-x86_64/Rlib/4.3/AsioHeaders/include/asio/execution/any_executor.hpp:611:47: warning: 'allocator<void>' is deprecated [-Wdeprecated-declarations] /Volumes/Builds/packages/big-sur-x86_64/Rlib/4.3/AsioHeaders/include/asio/system_executor.hpp:171:54: warning: 'allocator<void>' is deprecated [-Wdeprecated-declarations] /Volumes/Builds/packages/big-sur-x86_64/Rlib/4.3/AsioHeaders/include/asio/system_executor.hpp:175:28: warning: 'allocator<void>' is deprecated [-Wdeprecated-declarations] /Volumes/Builds/packages/big-sur-x86_64/Rlib/4.3/AsioHeaders/include/asio/system_executor.hpp:444:45: warning: 'allocator<void>' is deprecated [-Wdeprecated-declarations] /Volumes/Builds/packages/big-sur-x86_64/Rlib/4.3/AsioHeaders/include/asio/system_context.hpp:39:12: warning: 'allocator<void>' is deprecated [-Wdeprecated-declarations] /Volumes/Builds/packages/big-sur-x86_64/Rlib/4.3/AsioHeaders/include/asio/io_context.hpp:231:36: warning: 'allocator<void>' is deprecated [-Wdeprecated-declarations] /Volumes/Builds/packages/big-sur-x86_64/Rlib/4.3/AsioHeaders/include/asio/io_context.hpp:856:43: warning: 'allocator<void>' is deprecated [-Wdeprecated-declarations] /Volumes/Builds/packages/big-sur-x86_64/Rlib/4.3/AsioHeaders/include/asio/io_context.hpp:859:37: warning: 'allocator<void>' is deprecated [-Wdeprecated-declarations] /Volumes/Builds/packages/big-sur-x86_64/Rlib/4.3/AsioHeaders/include/asio/io_context.hpp:860:29: warning: 'allocator<void>' is deprecated [-Wdeprecated-declarations] /Volumes/Builds/packages/big-sur-x86_64/Rlib/4.3/AsioHeaders/include/asio/buffer_registration.hpp:61:31: warning: 'allocator<void>' is deprecated [-Wdeprecated-declarations] /Volumes/Builds/packages/big-sur-x86_64/Rlib/4.3/AsioHeaders/include/asio/impl/compose.hpp:358:12: warning: 'allocator<void>' is deprecated [-Wdeprecated-declarations] /Volumes/Builds/packages/big-sur-x86_64/Rlib/4.3/AsioHeaders/include/asio/impl/compose.hpp:362:56: warning: 'allocator<void>' is deprecated [-Wdeprecated-declarations] /Volumes/Builds/packages/big-sur-x86_64/Rlib/4.3/AsioHeaders/include/asio/impl/executor.hpp:167:55: warning: 'allocator<void>' is deprecated [-Wdeprecated-declarations] /Volumes/Builds/packages/big-sur-x86_64/Rlib/4.3/AsioHeaders/include/asio/impl/executor.hpp:202:14: warning: 'allocator<void>' is deprecated [-Wdeprecated-declarations] /Volumes/Builds/packages/big-sur-x86_64/Rlib/4.3/AsioHeaders/include/asio/impl/executor.hpp:208:14: warning: 'allocator<void>' is deprecated [-Wdeprecated-declarations] /Volumes/Builds/packages/big-sur-x86_64/Rlib/4.3/AsioHeaders/include/asio/impl/executor.hpp:214:14: warning: 'allocator<void>' is deprecated [-Wdeprecated-declarations] /Volumes/Builds/packages/big-sur-x86_64/Rlib/4.3/AsioHeaders/include/asio/impl/executor.hpp:243:31: warning: 'allocator<void>' is deprecated [-Wdeprecated-declarations] /Volumes/Builds/packages/big-sur-x86_64/Rlib/4.3/AsioHeaders/include/asio/thread_pool.hpp:85:36: warning: 'allocator<void>' is deprecated [-Wdeprecated-declarations] /Volumes/Builds/packages/big-sur-x86_64/Rlib/4.3/AsioHeaders/include/asio/thread_pool.hpp:88:36: warning: 'allocator<void>' is deprecated [-Wdeprecated-declarations] /Volumes/Builds/packages/big-sur-x86_64/Rlib/4.3/AsioHeaders/include/asio/thread_pool.hpp:392:43: warning: 'allocator<void>' is deprecated [-Wdeprecated-declarations] /Volumes/Builds/packages/big-sur-x86_64/Rlib/4.3/AsioHeaders/include/asio/thread_pool.hpp:395:37: warning: 'allocator<void>' is deprecated [-Wdeprecated-declarations] /Volumes/Builds/packages/big-sur-x86_64/Rlib/4.3/AsioHeaders/include/asio/thread_pool.hpp:396:21: warning: 'allocator<void>' is deprecated [-Wdeprecated-declarations] /Volumes/Builds/packages/big-sur-x86_64/Rlib/4.3/AsioHeaders/include/asio/detail/impl/strand_executor_service.hpp:222:12: warning: 'allocator<void>' is deprecated [-Wdeprecated-declarations] /Volumes/Builds/packages/big-sur-x86_64/Rlib/4.3/AsioHeaders/include/asio/use_future.hpp:132:19: warning: 'allocator<void>' is deprecated [-Wdeprecated-declarations] /Volumes/Builds/packages/big-sur-x86_64/Rlib/4.3/AsioHeaders/include/asio/use_future.hpp:139:18: warning: 'allocator<void>' is deprecated [-Wdeprecated-declarations] /Volumes/Builds/packages/big-sur-x86_64/Rlib/4.3/AsioHeaders/include/asio/use_future.hpp:134:19: warning: 'allocator<void>' is deprecated [-Wdeprecated-declarations] /Volumes/Builds/packages/big-sur-x86_64/Rlib/4.3/AsioHeaders/include/asio/use_future.hpp:57:37: warning: 'allocator<void>' is deprecated [-Wdeprecated-declarations] /Volumes/Builds/packages/big-sur-x86_64/Rlib/4.3/AsioHeaders/include/asio/detail/handler_alloc_helpers.hpp:186:48: warning: 'allocator<void>' is deprecated [-Wdeprecated-declarations] /Volumes/Builds/packages/big-sur-x86_64/Rlib/4.3/AsioHeaders/include/asio/detail/recycling_allocator.hpp:97:30: warning: 'allocator<void>' is deprecated [-Wdeprecated-declarations] See ‘/Volumes/Builds/packages/big-sur-x86_64/results/4.3/websocket.Rcheck/00install.out’ for details. * used C++ compiler: ‘Apple clang version 14.0.3 (clang-1403.0.22.14.1)’ * used SDK: ‘MacOSX11.3.sdk’ Flavor: r-oldrel-macos-x86_64

These binaries (installable software) and packages are in development.
They may not be fully stable and should be used with caution. We make no claims about them.